Last updated on 2023-09-27 21:01:39 CEST.
Flavor | Version | Tinstall | Tcheck | Ttotal | Status | Flags |
---|---|---|---|---|---|---|
r-devel-linux-x86_64-debian-clang | 0.1.2 | 60.86 | 111.02 | 171.88 | NOTE | |
r-devel-linux-x86_64-debian-gcc | 0.1.2 | 47.10 | 96.46 | 143.56 | NOTE | |
r-devel-linux-x86_64-fedora-clang | 0.1.2 | 197.17 | NOTE | |||
r-devel-linux-x86_64-fedora-gcc | 0.1.2 | 284.65 | NOTE | |||
r-devel-windows-x86_64 | 0.1.2 | 46.00 | 142.00 | 188.00 | NOTE | |
r-patched-linux-x86_64 | 0.1.2 | 44.49 | 103.18 | 147.67 | NOTE | |
r-release-linux-x86_64 | 0.1.2 | 42.41 | 99.82 | 142.23 | NOTE | |
r-release-macos-arm64 | 0.1.2 | 82.00 | NOTE | |||
r-release-macos-x86_64 | 0.1.2 | 133.00 | NOTE | |||
r-release-windows-x86_64 | 0.1.2 | 61.00 | 168.00 | 229.00 | NOTE | |
r-oldrel-macos-arm64 | 0.1.2 | 52.00 | NOTE | |||
r-oldrel-macos-x86_64 | 0.1.2 | 80.00 | NOTE | |||
r-oldrel-windows-x86_64 | 0.1.2 | 58.00 | 165.00 | 223.00 | OK |
Version: 0.1.2
Check: C++ specification
Result: NOTE
Specified C++11: please drop specification unless essential
Flavors: r-devel-linux-x86_64-debian-clang, r-devel-linux-x86_64-debian-gcc, r-devel-linux-x86_64-fedora-clang, r-devel-linux-x86_64-fedora-gcc, r-devel-windows-x86_64, r-patched-linux-x86_64, r-release-linux-x86_64, r-release-macos-arm64, r-release-macos-x86_64, r-release-windows-x86_64
Version: 0.1.2
Check: installed package size
Result: NOTE
installed size is 8.3Mb
sub-directories of 1Mb or more:
libs 8.0Mb
Flavors: r-release-macos-arm64, r-release-macos-x86_64, r-oldrel-macos-arm64, r-oldrel-macos-x86_64