CRAN Package Check Results for Package zipfR

Last updated on 2020-10-27 19:50:42 CET.

Flavor Version Tinstall Tcheck Ttotal Status Flags
r-devel-linux-x86_64-debian-clang 0.6-70 9.31 89.16 98.47 OK
r-devel-linux-x86_64-debian-gcc 0.6-70 6.61 68.87 75.48 OK
r-devel-linux-x86_64-fedora-clang 0.6-70 143.62 NOTE
r-devel-linux-x86_64-fedora-gcc 0.6-70 125.15 NOTE
r-devel-windows-ix86+x86_64 0.6-70 15.00 116.00 131.00 OK
r-patched-linux-x86_64 0.6-70 OK
r-patched-solaris-x86 0.6-70 184.50 NOTE
r-release-linux-x86_64 0.6-70 9.04 83.98 93.02 OK
r-release-macos-x86_64 0.6-70 NOTE
r-release-windows-ix86+x86_64 0.6-70 12.00 104.00 116.00 OK
r-oldrel-macos-x86_64 0.6-70 NOTE
r-oldrel-windows-ix86+x86_64 0.6-70 10.00 98.00 108.00 OK

Check Details

Version: 0.6-70
Check: data for non-ASCII characters
Result: NOTE
     Note: found 146804 marked UTF-8 strings
Flavors: r-devel-linux-x86_64-fedora-clang, r-devel-linux-x86_64-fedora-gcc, r-patched-solaris-x86, r-release-macos-x86_64, r-oldrel-macos-x86_64