Last updated on 2023-02-09 10:06:27 CET.
Flavor | Version | Tinstall | Tcheck | Ttotal | Status | Flags |
---|---|---|---|---|---|---|
r-devel-linux-x86_64-debian-clang | 0.3.5 | 38.36 | 259.83 | 298.19 | OK | |
r-devel-linux-x86_64-debian-gcc | 0.3.5 | 31.51 | 201.62 | 233.13 | OK | |
r-devel-linux-x86_64-fedora-clang | 0.3.5 | 364.34 | NOTE | |||
r-devel-linux-x86_64-fedora-gcc | 0.3.5 | 369.01 | NOTE | |||
r-devel-windows-x86_64 | 0.3.5 | 49.00 | 398.00 | 447.00 | OK | |
r-patched-linux-x86_64 | 0.3.5 | 35.08 | 252.30 | 287.38 | OK | |
r-release-linux-x86_64 | 0.3.5 | 28.60 | 244.45 | 273.05 | OK | |
r-release-macos-arm64 | 0.3.5 | 124.00 | NOTE | |||
r-release-macos-x86_64 | 0.3.5 | 176.00 | NOTE | |||
r-release-windows-x86_64 | 0.3.5 | 52.00 | 407.00 | 459.00 | OK | |
r-oldrel-macos-arm64 | 0.3.5 | 121.00 | NOTE | |||
r-oldrel-macos-x86_64 | 0.3.5 | 178.00 | NOTE | |||
r-oldrel-windows-ix86+x86_64 | 0.3.5 | 85.00 | 390.00 | 475.00 | OK |
Version: 0.3.5
Check: data for non-ASCII characters
Result: NOTE
Note: found 5 marked UTF-8 strings
Flavors: r-devel-linux-x86_64-fedora-clang, r-devel-linux-x86_64-fedora-gcc, r-release-macos-arm64, r-release-macos-x86_64, r-oldrel-macos-arm64, r-oldrel-macos-x86_64