CRAN Package Check Results for Package zendeskR

Last updated on 2020-09-24 20:47:04 CEST.

Flavor Version Tinstall Tcheck Ttotal Status Flags
r-devel-linux-x86_64-debian-clang 0.4 2.97 27.22 30.19 NOTE
r-devel-linux-x86_64-debian-gcc 0.4 2.14 22.13 24.27 NOTE
r-devel-linux-x86_64-fedora-clang 0.4 51.24 NOTE
r-devel-linux-x86_64-fedora-gcc 0.4 36.54 NOTE
r-devel-windows-ix86+x86_64 0.4 7.00 39.00 46.00 NOTE
r-patched-linux-x86_64 0.4 2.60 26.28 28.88 NOTE
r-patched-solaris-x86 0.4 57.10 NOTE
r-release-linux-x86_64 0.4 3.11 26.37 29.48 NOTE
r-release-macos-x86_64 0.4 NOTE
r-release-windows-ix86+x86_64 0.4 6.00 45.00 51.00 NOTE
r-oldrel-macos-x86_64 0.4 NOTE
r-oldrel-windows-ix86+x86_64 0.4 5.00 38.00 43.00 NOTE

Check Details

Version: 0.4
Check: DESCRIPTION meta-information
Result: NOTE
    Malformed Description field: should contain one or more complete sentences.
Flavors: r-devel-linux-x86_64-debian-clang, r-devel-linux-x86_64-debian-gcc, r-devel-linux-x86_64-fedora-clang, r-devel-linux-x86_64-fedora-gcc, r-devel-windows-ix86+x86_64, r-patched-linux-x86_64, r-patched-solaris-x86, r-release-linux-x86_64, r-release-macos-x86_64, r-release-windows-ix86+x86_64, r-oldrel-macos-x86_64, r-oldrel-windows-ix86+x86_64