CRAN Package Check Results for Package zeligverse

Last updated on 2020-01-23 09:52:26 CET.

Flavor Version Tinstall Tcheck Ttotal Status Flags
r-devel-linux-x86_64-debian-clang 0.1.1 13.14 120.43 133.57 OK
r-devel-linux-x86_64-debian-gcc 0.1.1 11.06 93.13 104.19 OK
r-devel-linux-x86_64-fedora-clang 0.1.1 189.42 NOTE
r-devel-linux-x86_64-fedora-gcc 0.1.1 185.05 NOTE
r-devel-windows-ix86+x86_64 0.1.1 67.00 209.00 276.00 OK
r-devel-windows-ix86+x86_64-gcc8 0.1.1 73.00 216.00 289.00 OK
r-patched-linux-x86_64 0.1.1 13.00 102.39 115.39 OK
r-patched-solaris-x86 0.1.1 236.30 NOTE
r-release-linux-x86_64 0.1.1 10.04 103.12 113.16 OK
r-release-windows-ix86+x86_64 0.1.1 37.00 184.00 221.00 OK
r-release-osx-x86_64 0.1.1 NOTE
r-oldrel-windows-ix86+x86_64 0.1.1 23.00 160.00 183.00 OK
r-oldrel-osx-x86_64 0.1.1 NOTE

Check Details

Version: 0.1.1
Check: dependencies in R code
Result: NOTE
    Namespaces in Imports field not imported from:
     ‘Amelia’ ‘MatchIt’ ‘WhatIf’
     All declared Imports should be used.
Flavors: r-devel-linux-x86_64-fedora-clang, r-devel-linux-x86_64-fedora-gcc, r-patched-solaris-x86, r-release-osx-x86_64, r-oldrel-osx-x86_64