CRAN Package Check Results for Package zeligverse

Last updated on 2019-08-23 10:48:28 CEST.

Flavor Version Tinstall Tcheck Ttotal Status Flags
r-devel-linux-x86_64-debian-clang 0.1.1 10.94 105.59 116.53 OK
r-devel-linux-x86_64-debian-gcc 0.1.1 10.13 86.75 96.88 OK
r-devel-linux-x86_64-fedora-clang 0.1.1 149.77 NOTE
r-devel-linux-x86_64-fedora-gcc 0.1.1 162.93 NOTE
r-devel-windows-ix86+x86_64 0.1.1 35.00 129.00 164.00 OK
r-patched-linux-x86_64 0.1.1 10.40 101.46 111.86 OK
r-patched-solaris-x86 0.1.1 231.40 NOTE
r-release-linux-x86_64 0.1.1 10.44 105.12 115.56 OK
r-release-windows-ix86+x86_64 0.1.1 55.00 173.00 228.00 OK
r-release-osx-x86_64 0.1.1 NOTE
r-oldrel-windows-ix86+x86_64 0.1.1 35.00 192.00 227.00 OK
r-oldrel-osx-x86_64 0.1.1 NOTE

Check Details

Version: 0.1.1
Check: dependencies in R code
Result: NOTE
    Namespaces in Imports field not imported from:
     ‘Amelia’ ‘MatchIt’ ‘WhatIf’
     All declared Imports should be used.
Flavors: r-devel-linux-x86_64-fedora-clang, r-devel-linux-x86_64-fedora-gcc, r-patched-solaris-x86, r-release-osx-x86_64, r-oldrel-osx-x86_64