CRAN Package Check Results for Package yamlme

Last updated on 2021-09-27 21:49:25 CEST.

Flavor Version Tinstall Tcheck Ttotal Status Flags
r-devel-linux-x86_64-debian-clang 0.1.1 2.85 28.65 31.50 NOTE
r-devel-linux-x86_64-debian-gcc 0.1.1 2.22 22.58 24.80 NOTE
r-devel-linux-x86_64-fedora-clang 0.1.1 47.34 NOTE
r-devel-linux-x86_64-fedora-gcc 0.1.1 36.69 NOTE
r-devel-windows-x86_64 0.1.1 5.00 37.00 42.00 NOTE
r-devel-windows-x86_64-gcc10-UCRT 0.1.1 NOTE
r-patched-linux-x86_64 0.1.1 2.61 27.49 30.10 NOTE
r-patched-solaris-x86 0.1.1 55.70 NOTE
r-release-linux-x86_64 0.1.1 2.72 27.75 30.47 NOTE
r-release-macos-arm64 0.1.1 NOTE
r-release-macos-x86_64 0.1.1 NOTE
r-release-windows-ix86+x86_64 0.1.1 6.00 39.00 45.00 NOTE
r-oldrel-macos-x86_64 0.1.1 OK
r-oldrel-windows-ix86+x86_64 0.1.1 4.00 35.00 39.00 OK

Check Details

Version: 0.1.1
Check: LazyData
Result: NOTE
     'LazyData' is specified without a 'data' directory
Flavors: r-devel-linux-x86_64-debian-clang, r-devel-linux-x86_64-debian-gcc, r-devel-linux-x86_64-fedora-clang, r-devel-linux-x86_64-fedora-gcc, r-devel-windows-x86_64, r-devel-windows-x86_64-gcc10-UCRT, r-patched-linux-x86_64, r-patched-solaris-x86, r-release-linux-x86_64, r-release-macos-arm64, r-release-macos-x86_64, r-release-windows-ix86+x86_64