CRAN Package Check Results for Package yager

Last updated on 2024-07-14 09:51:40 CEST.

Flavor Version Tinstall Tcheck Ttotal Status Flags
r-devel-linux-x86_64-debian-clang 0.1.1 2.56 35.51 38.07 NOTE
r-devel-linux-x86_64-debian-gcc 0.1.1 2.47 26.68 29.15 NOTE
r-devel-linux-x86_64-fedora-clang 0.1.1 51.71 NOTE
r-devel-linux-x86_64-fedora-gcc 0.1.1 45.68 NOTE
r-devel-windows-x86_64 0.1.1 5.00 51.00 56.00 NOTE
r-patched-linux-x86_64 0.1.1 3.79 33.35 37.14 NOTE
r-release-linux-x86_64 0.1.1 3.47 33.03 36.50 NOTE
r-release-macos-arm64 0.1.1 20.00 NOTE
r-release-macos-x86_64 0.1.1 36.00 NOTE
r-release-windows-x86_64 0.1.1 5.00 54.00 59.00 NOTE
r-oldrel-macos-arm64 0.1.1 20.00 NOTE
r-oldrel-macos-x86_64 0.1.1 29.00 NOTE
r-oldrel-windows-x86_64 0.1.1 5.00 56.00 61.00 NOTE

Check Details

Version: 0.1.1
Check: LazyData
Result: NOTE 'LazyData' is specified without a 'data' directory Flavors: r-devel-linux-x86_64-debian-clang, r-devel-linux-x86_64-debian-gcc, r-devel-linux-x86_64-fedora-clang, r-devel-linux-x86_64-fedora-gcc, r-devel-windows-x86_64, r-patched-linux-x86_64, r-release-linux-x86_64, r-release-macos-arm64, r-release-macos-x86_64, r-release-windows-x86_64, r-oldrel-macos-arm64, r-oldrel-macos-x86_64, r-oldrel-windows-x86_64