CRAN Package Check Results for Package xxIRT

Last updated on 2024-06-16 21:52:26 CEST.

Flavor Version Tinstall Tcheck Ttotal Status Flags
r-devel-linux-x86_64-debian-clang 2.1.2 14.16 87.46 101.62 NOTE
r-devel-linux-x86_64-debian-gcc 2.1.2 9.31 63.72 73.03 NOTE
r-devel-linux-x86_64-fedora-clang 2.1.2 126.19 NOTE
r-devel-linux-x86_64-fedora-gcc 2.1.2 123.51 NOTE
r-devel-windows-x86_64 2.1.2 12.00 79.00 91.00 NOTE
r-patched-linux-x86_64 2.1.2 10.61 84.23 94.84 NOTE
r-release-linux-x86_64 2.1.2 9.97 84.34 94.31 NOTE
r-release-macos-arm64 2.1.2 35.00 NOTE
r-release-macos-x86_64 2.1.2 54.00 NOTE
r-release-windows-x86_64 2.1.2 11.00 79.00 90.00 NOTE
r-oldrel-macos-arm64 2.1.2 35.00 OK
r-oldrel-macos-x86_64 2.1.2 58.00 OK
r-oldrel-windows-x86_64 2.1.2 13.00 88.00 101.00 OK

Check Details

Version: 2.1.2
Check: Rd files
Result: NOTE checkRd: (-1) cat_sim.Rd:110: Lost braces; missing escapes or markup? 110 | \code{min} and {max} are mandatory for setting limits on the test length. User-defined | ^ Flavors: r-devel-linux-x86_64-debian-clang, r-devel-linux-x86_64-debian-gcc, r-devel-linux-x86_64-fedora-clang, r-devel-linux-x86_64-fedora-gcc, r-devel-windows-x86_64, r-patched-linux-x86_64, r-release-linux-x86_64, r-release-macos-arm64, r-release-macos-x86_64, r-release-windows-x86_64