CRAN Package Check Results for Package xmlconvert

Last updated on 2024-02-29 19:12:39 CET.

Flavor Version Tinstall Tcheck Ttotal Status Flags
r-devel-linux-x86_64-debian-clang 0.1.2 2.32 27.84 30.16 NOTE
r-devel-linux-x86_64-debian-gcc 0.1.2 2.03 21.53 23.56 NOTE
r-devel-linux-x86_64-fedora-clang 0.1.2 38.33 NOTE
r-devel-linux-x86_64-fedora-gcc 0.1.2 35.96 NOTE
r-devel-windows-x86_64 0.1.2 3.00 42.00 45.00 OK
r-patched-linux-x86_64 0.1.2 1.99 27.66 29.65 OK
r-release-linux-x86_64 0.1.2 1.65 27.28 28.93 OK
r-release-macos-arm64 0.1.2 17.00 OK
r-release-macos-x86_64 0.1.2 21.00 OK
r-release-windows-x86_64 0.1.2 4.00 45.00 49.00 OK
r-oldrel-macos-arm64 0.1.2 14.00 OK
r-oldrel-windows-x86_64 0.1.2 4.00 46.00 50.00 OK

Check Details

Version: 0.1.2
Check: Rd files
Result: NOTE checkRd: (-1) xml_to_df.Rd:144: Lost braces; missing escapes or markup? 144 | Default {NULL} means the workbook will not be protected with a password} | ^ Flavors: r-devel-linux-x86_64-debian-clang, r-devel-linux-x86_64-debian-gcc, r-devel-linux-x86_64-fedora-clang, r-devel-linux-x86_64-fedora-gcc