Last updated on 2023-12-04 18:52:35 CET.
Flavor | Version | Tinstall | Tcheck | Ttotal | Status | Flags |
---|---|---|---|---|---|---|
r-devel-linux-x86_64-debian-clang | 1.3.5 | 17.51 | 43.94 | 61.45 | WARN | |
r-devel-linux-x86_64-debian-gcc | 1.3.5 | 11.46 | 34.32 | 45.78 | WARN | |
r-devel-linux-x86_64-fedora-clang | 1.3.5 | 99.68 | WARN | |||
r-devel-linux-x86_64-fedora-gcc | 1.3.5 | 94.46 | WARN | |||
r-devel-windows-x86_64 | 1.3.5 | 33.00 | 76.00 | 109.00 | WARN | |
r-patched-linux-x86_64 | 1.3.5 | 15.57 | 42.85 | 58.42 | OK | |
r-release-linux-x86_64 | 1.3.5 | 13.93 | 42.83 | 56.76 | OK | |
r-release-macos-arm64 | 1.3.5 | 49.00 | OK | |||
r-release-macos-x86_64 | 1.3.5 | 108.00 | OK | |||
r-release-windows-x86_64 | 1.3.5 | 30.00 | 84.00 | 114.00 | OK | |
r-oldrel-macos-arm64 | 1.3.5 | 55.00 | OK | |||
r-oldrel-macos-x86_64 | 1.3.5 | 85.00 | OK | |||
r-oldrel-windows-x86_64 | 1.3.5 | 25.00 | 82.00 | 107.00 | OK |
Version: 1.3.5
Check: whether package can be installed
Result: WARN
Found the following significant warnings:
xml2_init.cpp:37:12: warning: format string is not a string literal (potentially insecure) [-Wformat-security]
xml2_output.cpp:95:46: warning: incomplete format specifier [-Wformat]
See ‘/home/hornik/tmp/R.check/r-devel-clang/Work/PKGS/xml2.Rcheck/00install.out’ for details.
* used C compiler: ‘Debian clang version 17.0.5 (1)’
* used C++ compiler: ‘Debian clang version 17.0.5 (1)’
Flavor: r-devel-linux-x86_64-debian-clang
Version: 1.3.5
Check: whether package can be installed
Result: WARN
Found the following significant warnings:
xml2_output.cpp:95:40: warning: unknown conversion type character ‘,’ in format [-Wformat=]
xml2_output.cpp:95:47: warning: conversion lacks type at end of format [-Wformat=]
xml2_output.cpp:95:14: warning: too many arguments for format [-Wformat-extra-args]
See ‘/home/hornik/tmp/R.check/r-devel-gcc/Work/PKGS/xml2.Rcheck/00install.out’ for details.
* used C compiler: ‘gcc-13 (Debian 13.2.0-5) 13.2.0’
* used C++ compiler: ‘g++-13 (Debian 13.2.0-5) 13.2.0’
Flavor: r-devel-linux-x86_64-debian-gcc
Version: 1.3.5
Check: whether package can be installed
Result: WARN
Found the following significant warnings:
xml2_init.cpp:37:12: warning: format string is not a string literal (potentially insecure) [-Wformat-security]
xml2_output.cpp:95:46: warning: incomplete format specifier [-Wformat]
See ‘/data/gannet/ripley/R/packages/tests-clang/xml2.Rcheck/00install.out’ for details.
* used C compiler: ‘clang version 17.0.5’
* used C++ compiler: ‘clang version 17.0.5’
Flavor: r-devel-linux-x86_64-fedora-clang
Version: 1.3.5
Check: whether package can be installed
Result: WARN
Found the following significant warnings:
xml2_output.cpp:95:40: warning: unknown conversion type character ',' in format [-Wformat=]
xml2_output.cpp:95:47: warning: conversion lacks type at end of format [-Wformat=]
xml2_output.cpp:95:14: warning: too many arguments for format [-Wformat-extra-args]
See ‘/data/gannet/ripley/R/packages/tests-devel/xml2.Rcheck/00install.out’ for details.
* used C compiler: ‘gcc-13 (GCC) 13.2.0’
* used C++ compiler: ‘g++-13 (GCC) 13.2.0’
Flavor: r-devel-linux-x86_64-fedora-gcc
Version: 1.3.5
Check: whether package can be installed
Result: WARN
Found the following significant warnings:
xml2_output.cpp:95:40: warning: unknown conversion type character ',' in format [-Wformat=]
xml2_output.cpp:95:47: warning: conversion lacks type at end of format [-Wformat=]
xml2_output.cpp:95:14: warning: too many arguments for format [-Wformat-extra-args]
See 'd:/Rcompile/CRANpkg/local/4.4/xml2.Rcheck/00install.out' for details.
* used C compiler: 'gcc.exe (GCC) 12.3.0'
* used C++ compiler: 'g++.exe (GCC) 12.3.0'
Flavor: r-devel-windows-x86_64