CRAN Package Check Results for Package xlsxjars

Last updated on 2023-12-03 19:48:52 CET.

Flavor Version Tinstall Tcheck Ttotal Status Flags
r-devel-linux-x86_64-debian-clang 0.6.1 3.50 31.37 34.87 OK
r-devel-linux-x86_64-debian-gcc 0.6.1 2.63 24.55 27.18 OK
r-devel-linux-x86_64-fedora-clang 0.6.1 43.76 NOTE
r-devel-linux-x86_64-fedora-gcc 0.6.1 42.01 OK
r-devel-windows-x86_64 0.6.1 5.00 44.00 49.00 NOTE
r-patched-linux-x86_64 0.6.1 3.73 31.34 35.07 OK
r-release-linux-x86_64 0.6.1 3.64 31.07 34.71 OK
r-release-macos-arm64 0.6.1 19.00 NOTE
r-release-macos-x86_64 0.6.1 29.00 NOTE
r-release-windows-x86_64 0.6.1 7.00 47.00 54.00 NOTE
r-oldrel-macos-arm64 0.6.1 22.00 NOTE
r-oldrel-macos-x86_64 0.6.1 27.00 NOTE
r-oldrel-windows-x86_64 0.6.1 7.00 57.00 64.00 NOTE

Check Details

Version: 0.6.1
Check: installed package size
Result: NOTE installed size is 10.8Mb sub-directories of 1Mb or more: java 10.7Mb Flavors: r-devel-linux-x86_64-fedora-clang, r-devel-windows-x86_64, r-release-macos-arm64, r-release-macos-x86_64, r-release-windows-x86_64, r-oldrel-macos-arm64, r-oldrel-macos-x86_64, r-oldrel-windows-x86_64