CRAN Package Check Results for Package xLLiM

Last updated on 2020-07-14 09:50:57 CEST.

Flavor Version Tinstall Tcheck Ttotal Status Flags
r-devel-linux-x86_64-debian-clang 2.1 7.85 78.48 86.33 OK
r-devel-linux-x86_64-debian-gcc 2.1 9.54 60.82 70.36 OK
r-devel-linux-x86_64-fedora-clang 2.1 118.63 OK
r-devel-linux-x86_64-fedora-gcc 2.1 117.13 OK
r-devel-windows-ix86+x86_64 2.1 23.00 85.00 108.00 OK
r-patched-linux-x86_64 2.1 9.48 77.05 86.53 OK
r-patched-solaris-x86 2.1 161.80 OK
r-release-linux-x86_64 2.1 9.69 76.50 86.19 OK
r-release-macos-x86_64 2.1 ERROR
r-release-windows-ix86+x86_64 2.1 23.00 88.00 111.00 OK
r-oldrel-macos-x86_64 2.1 OK
r-oldrel-windows-ix86+x86_64 2.1 21.00 109.00 130.00 OK

Check Details

Version: 2.1
Check: whether package can be installed
Result: ERROR
    Installation failed.
Flavor: r-release-macos-x86_64