CRAN Package Check Results for Package wrswoR

Last updated on 2021-10-16 20:51:03 CEST.

Flavor Version Tinstall Tcheck Ttotal Status Flags
r-devel-linux-x86_64-debian-clang 1.1.1 19.02 31.33 50.35 NOTE
r-devel-linux-x86_64-debian-gcc 1.1.1 13.96 24.42 38.38 NOTE
r-devel-linux-x86_64-fedora-clang 1.1.1 79.93 NOTE
r-devel-linux-x86_64-fedora-gcc 1.1.1 64.00 NOTE
r-devel-windows-x86_64 1.1.1 24.00 50.00 74.00 NOTE
r-devel-windows-x86_64-gcc10-UCRT 1.1.1 NOTE
r-patched-linux-x86_64 1.1.1 17.01 30.47 47.48 NOTE
r-patched-solaris-x86 1.1.1 82.90 NOTE
r-release-linux-x86_64 1.1.1 16.10 30.57 46.67 NOTE
r-release-macos-arm64 1.1.1 NOTE
r-release-macos-x86_64 1.1.1 NOTE
r-release-windows-ix86+x86_64 1.1.1 55.00 84.00 139.00 NOTE
r-oldrel-macos-x86_64 1.1.1 OK
r-oldrel-windows-ix86+x86_64 1.1.1 55.00 86.00 141.00 OK

Check Details

Version: 1.1.1
Check: LazyData
Result: NOTE
     'LazyData' is specified without a 'data' directory
Flavors: r-devel-linux-x86_64-debian-clang, r-devel-linux-x86_64-debian-gcc, r-devel-linux-x86_64-fedora-clang, r-devel-linux-x86_64-fedora-gcc, r-devel-windows-x86_64, r-devel-windows-x86_64-gcc10-UCRT, r-patched-linux-x86_64, r-patched-solaris-x86, r-release-linux-x86_64, r-release-macos-arm64, r-release-macos-x86_64, r-release-windows-ix86+x86_64