Last updated on 2023-02-08 19:58:20 CET.
Flavor | Version | Tinstall | Tcheck | Ttotal | Status | Flags |
---|---|---|---|---|---|---|
r-devel-linux-x86_64-debian-clang | 1.1.1 | 20.75 | 34.05 | 54.80 | NOTE | |
r-devel-linux-x86_64-debian-gcc | 1.1.1 | 16.90 | 26.99 | 43.89 | NOTE | |
r-devel-linux-x86_64-fedora-clang | 1.1.1 | 78.58 | NOTE | |||
r-devel-linux-x86_64-fedora-gcc | 1.1.1 | 75.40 | NOTE | |||
r-devel-windows-x86_64 | 1.1.1 | 33.00 | 78.00 | 111.00 | NOTE | |
r-patched-linux-x86_64 | 1.1.1 | 17.70 | 34.09 | 51.79 | NOTE | |
r-release-linux-x86_64 | 1.1.1 | 17.14 | 32.98 | 50.12 | NOTE | |
r-release-macos-arm64 | 1.1.1 | 25.00 | NOTE | |||
r-release-macos-x86_64 | 1.1.1 | 33.00 | NOTE | |||
r-release-windows-x86_64 | 1.1.1 | 29.00 | 86.00 | 115.00 | NOTE | |
r-oldrel-macos-arm64 | 1.1.1 | 28.00 | NOTE | |||
r-oldrel-macos-x86_64 | 1.1.1 | 40.00 | NOTE | |||
r-oldrel-windows-ix86+x86_64 | 1.1.1 | 56.00 | 86.00 | 142.00 | NOTE |
Version: 1.1.1
Check: LazyData
Result: NOTE
'LazyData' is specified without a 'data' directory
Flavors: r-devel-linux-x86_64-debian-clang, r-devel-linux-x86_64-debian-gcc, r-devel-linux-x86_64-fedora-clang, r-devel-linux-x86_64-fedora-gcc, r-devel-windows-x86_64, r-patched-linux-x86_64, r-release-linux-x86_64, r-release-macos-arm64, r-release-macos-x86_64, r-release-windows-x86_64, r-oldrel-macos-arm64, r-oldrel-macos-x86_64, r-oldrel-windows-ix86+x86_64
Version: 1.1.1
Check: package dependencies
Result: NOTE
Package suggested but not available for checking: ‘metap’
Flavor: r-release-macos-arm64