Last updated on 2023-02-04 12:57:33 CET.
Flavor | Version | Tinstall | Tcheck | Ttotal | Status | Flags |
---|---|---|---|---|---|---|
r-devel-linux-x86_64-debian-clang | 0.8.1 | 11.98 | 155.88 | 167.86 | OK | |
r-devel-linux-x86_64-debian-gcc | 0.8.1 | 10.40 | 112.17 | 122.57 | OK | |
r-devel-linux-x86_64-fedora-clang | 0.8.1 | 175.32 | OK | |||
r-devel-linux-x86_64-fedora-gcc | 0.8.1 | 164.46 | OK | |||
r-devel-windows-x86_64 | 0.8.1 | 45.00 | 201.00 | 246.00 | OK | |
r-patched-linux-x86_64 | 0.8.1 | 17.74 | 147.36 | 165.10 | OK | |
r-release-linux-x86_64 | 0.8.1 | 10.52 | 148.31 | 158.83 | OK | |
r-release-macos-arm64 | 0.8.1 | 58.00 | OK | |||
r-release-macos-x86_64 | 0.8.1 | 74.00 | OK | |||
r-release-windows-x86_64 | 0.8.1 | 42.00 | 211.00 | 253.00 | OK | |
r-oldrel-macos-arm64 | 0.8.0 | 53.00 | OK | |||
r-oldrel-macos-x86_64 | 0.8.0 | 76.00 | OK | |||
r-oldrel-windows-ix86+x86_64 | 0.8.0 | 19.00 | 17.00 | 36.00 | ERROR |
Version: 0.8.0
Check: whether package can be installed
Result: ERROR
Installation failed.
Flavor: r-oldrel-windows-ix86+x86_64