CRAN Package Check Results for Package wrProteo

Last updated on 2021-09-17 08:50:36 CEST.

Flavor Version Tinstall Tcheck Ttotal Status Flags
r-devel-linux-x86_64-debian-clang 1.4.3 11.14 285.78 296.92 OK
r-devel-linux-x86_64-debian-gcc 1.4.3 9.30 198.35 207.65 OK
r-devel-linux-x86_64-fedora-clang 1.4.3 353.70 NOTE
r-devel-linux-x86_64-fedora-gcc 1.4.3 353.93 OK
r-devel-windows-x86_64 1.4.3 13.00 358.00 371.00 NOTE
r-devel-windows-x86_64-gcc10-UCRT 1.4.3 OK
r-patched-linux-x86_64 1.4.3 14.63 273.83 288.46 OK
r-patched-solaris-x86 1.4.3 108.00 NOTE
r-release-linux-x86_64 1.4.3 11.42 278.81 290.23 OK
r-release-macos-arm64 1.4.3 NOTE
r-release-macos-x86_64 1.4.3 NOTE
r-release-windows-ix86+x86_64 1.4.3 19.00 262.00 281.00 NOTE
r-oldrel-macos-x86_64 1.4.3 NOTE
r-oldrel-windows-ix86+x86_64 1.4.3 12.00 397.00 409.00 NOTE

Check Details

Version: 1.4.3
Check: installed package size
Result: NOTE
     installed size is 6.3Mb
     sub-directories of 1Mb or more:
     doc 3.4Mb
     extdata 2.4Mb
Flavors: r-devel-linux-x86_64-fedora-clang, r-devel-windows-x86_64, r-patched-solaris-x86, r-release-macos-arm64, r-release-macos-x86_64, r-release-windows-ix86+x86_64, r-oldrel-macos-x86_64, r-oldrel-windows-ix86+x86_64

Version: 1.4.3
Check: package dependencies
Result: NOTE
    Package suggested but not available for checking: ‘ROTS’
Flavors: r-patched-solaris-x86, r-release-macos-arm64, r-release-macos-x86_64, r-oldrel-macos-x86_64