Last updated on 2021-01-26 07:50:32 CET.
Flavor | Version | Tinstall | Tcheck | Ttotal | Status | Flags |
---|---|---|---|---|---|---|
r-devel-linux-x86_64-debian-clang | 1.3.0 | 7.31 | 128.72 | 136.03 | OK | |
r-devel-linux-x86_64-debian-gcc | 1.3.0 | 6.54 | 91.59 | 98.13 | OK | |
r-devel-linux-x86_64-fedora-clang | 1.3.0 | 177.83 | NOTE | |||
r-devel-linux-x86_64-fedora-gcc | 1.3.0 | 168.54 | NOTE | |||
r-devel-windows-ix86+x86_64 | 1.3.0 | 12.00 | 150.00 | 162.00 | NOTE | |
r-patched-linux-x86_64 | 1.3.0 | 6.24 | 121.15 | 127.39 | OK | |
r-patched-solaris-x86 | 1.3.0 | 187.60 | NOTE | |||
r-release-linux-x86_64 | 1.3.0 | 7.58 | 119.98 | 127.56 | OK | |
r-release-macos-x86_64 | 1.3.0 | NOTE | ||||
r-release-windows-ix86+x86_64 | 1.3.0 | 11.00 | 121.00 | 132.00 | NOTE | |
r-oldrel-macos-x86_64 | 1.3.0 | NOTE | ||||
r-oldrel-windows-ix86+x86_64 | 1.3.0 | 8.00 | 153.00 | 161.00 | NOTE |
Version: 1.3.0
Check: package dependencies
Result: NOTE
Package suggested but not available for checking: ‘ROTS’
Flavors: r-devel-linux-x86_64-fedora-clang, r-devel-linux-x86_64-fedora-gcc, r-patched-solaris-x86, r-release-macos-x86_64, r-oldrel-macos-x86_64
Version: 1.3.0
Check: installed package size
Result: NOTE
installed size is 6.9Mb
sub-directories of 1Mb or more:
doc 3.2Mb
extdata 3.4Mb
Flavors: r-devel-linux-x86_64-fedora-clang, r-devel-windows-ix86+x86_64, r-patched-solaris-x86, r-release-macos-x86_64, r-release-windows-ix86+x86_64, r-oldrel-macos-x86_64, r-oldrel-windows-ix86+x86_64
Version: 1.3.0
Check: dependencies in R code
Result: NOTE
Namespaces in Imports field not imported from:
‘knitr’ ‘rmarkdown’
All declared Imports should be used.
Flavors: r-devel-linux-x86_64-fedora-clang, r-devel-linux-x86_64-fedora-gcc, r-patched-solaris-x86, r-release-macos-x86_64, r-oldrel-macos-x86_64
Version: 1.3.0
Check: Rd cross-references
Result: NOTE
Undeclared package ‘seqinr’ in Rd xrefs
Flavor: r-devel-linux-x86_64-fedora-clang