CRAN Package Check Results for Package wosr

Last updated on 2022-01-26 19:50:50 CET.

Flavor Version Tinstall Tcheck Ttotal Status Flags
r-devel-linux-x86_64-debian-clang 0.3.0 2.02 38.88 40.90 NOTE
r-devel-linux-x86_64-debian-gcc 0.3.0 2.39 29.49 31.88 NOTE
r-devel-linux-x86_64-fedora-clang 0.3.0 50.53 NOTE
r-devel-linux-x86_64-fedora-gcc 0.3.0 38.62 NOTE
r-devel-windows-x86_64-new-UL 0.3.0 36.00 55.00 91.00 NOTE
r-devel-windows-x86_64-new-TK 0.3.0 NOTE
r-patched-linux-x86_64 0.3.0 3.28 35.50 38.78 NOTE
r-release-linux-x86_64 0.3.0 1.91 35.27 37.18 NOTE
r-release-macos-arm64 0.3.0 NOTE
r-release-macos-x86_64 0.3.0 NOTE
r-release-windows-ix86+x86_64 0.3.0 6.00 45.00 51.00 NOTE
r-oldrel-macos-x86_64 0.3.0 OK
r-oldrel-windows-ix86+x86_64 0.3.0 7.00 45.00 52.00 OK

Check Details

Version: 0.3.0
Check: LazyData
Result: NOTE
     'LazyData' is specified without a 'data' directory
Flavors: r-devel-linux-x86_64-debian-clang, r-devel-linux-x86_64-debian-gcc, r-devel-linux-x86_64-fedora-clang, r-devel-linux-x86_64-fedora-gcc, r-devel-windows-x86_64-new-UL, r-devel-windows-x86_64-new-TK, r-patched-linux-x86_64, r-release-linux-x86_64, r-release-macos-arm64, r-release-macos-x86_64, r-release-windows-ix86+x86_64