CRAN Package Check Results for Package workflowr

Last updated on 2021-12-09 07:50:29 CET.

Flavor Version Tinstall Tcheck Ttotal Status Flags
r-devel-linux-x86_64-debian-clang 1.6.2 8.05 157.78 165.83 NOTE
r-devel-linux-x86_64-debian-gcc 1.6.2 6.25 120.38 126.63 NOTE
r-devel-linux-x86_64-fedora-clang 1.6.2 212.10 NOTE
r-devel-linux-x86_64-fedora-gcc 1.6.2 191.98 NOTE
r-devel-windows-x86_64-new-UL 1.6.2 24.00 241.00 265.00 NOTE
r-devel-windows-x86_64-new-TK 1.6.2 NOTE
r-devel-windows-x86_64-old 1.6.2 14.00 147.00 161.00 NOTE
r-patched-linux-x86_64 1.6.2 11.28 156.54 167.82 NOTE
r-release-linux-x86_64 1.6.2 8.40 156.20 164.60 NOTE
r-release-macos-arm64 1.6.2 NOTE
r-release-macos-x86_64 1.6.2 NOTE
r-release-windows-ix86+x86_64 1.6.2 14.00 166.00 180.00 NOTE
r-oldrel-macos-x86_64 1.6.2 OK
r-oldrel-windows-ix86+x86_64 1.6.2 18.00 189.00 207.00 OK

Check Details

Version: 1.6.2
Check: LazyData
Result: NOTE
     'LazyData' is specified without a 'data' directory
Flavors: r-devel-linux-x86_64-debian-clang, r-devel-linux-x86_64-debian-gcc, r-devel-linux-x86_64-fedora-clang, r-devel-linux-x86_64-fedora-gcc, r-devel-windows-x86_64-new-UL, r-devel-windows-x86_64-new-TK, r-devel-windows-x86_64-old, r-patched-linux-x86_64, r-release-linux-x86_64, r-release-macos-arm64, r-release-macos-x86_64, r-release-windows-ix86+x86_64