CRAN Package Check Results for Package wordcloud

Last updated on 2021-10-17 12:53:03 CEST.

Flavor Version Tinstall Tcheck Ttotal Status Flags
r-devel-linux-x86_64-debian-clang 2.6 17.23 33.28 50.51 OK
r-devel-linux-x86_64-debian-gcc 2.6 12.86 26.01 38.87 OK
r-devel-linux-x86_64-fedora-clang 2.6 82.85 NOTE
r-devel-linux-x86_64-fedora-gcc 2.6 65.24 NOTE
r-devel-windows-x86_64 2.6 29.00 51.00 80.00 OK
r-devel-windows-x86_64-gcc10-UCRT 2.6 NOTE
r-patched-linux-x86_64 2.6 15.80 32.11 47.91 OK
r-patched-solaris-x86 2.6 82.90 NOTE
r-release-linux-x86_64 2.6 15.23 31.88 47.11 OK
r-release-macos-arm64 2.6 NOTE
r-release-macos-x86_64 2.6 NOTE
r-release-windows-ix86+x86_64 2.6 40.00 86.00 126.00 OK
r-oldrel-macos-x86_64 2.6 NOTE
r-oldrel-windows-ix86+x86_64 2.6 57.00 84.00 141.00 OK

Check Details

Version: 2.6
Check: data for non-ASCII characters
Result: NOTE
     Note: found 2 marked UTF-8 strings
Flavors: r-devel-linux-x86_64-fedora-clang, r-devel-linux-x86_64-fedora-gcc, r-devel-windows-x86_64-gcc10-UCRT, r-patched-solaris-x86, r-release-macos-arm64, r-release-macos-x86_64, r-oldrel-macos-x86_64