Last updated on 2023-12-06 07:50:34 CET.
Flavor | Version | Tinstall | Tcheck | Ttotal | Status | Flags |
---|---|---|---|---|---|---|
r-devel-linux-x86_64-debian-clang | 2.6 | 20.36 | 34.08 | 54.44 | OK | |
r-devel-linux-x86_64-debian-gcc | 2.6 | 13.06 | 26.95 | 40.01 | OK | |
r-devel-linux-x86_64-fedora-clang | 2.6 | 79.07 | NOTE | |||
r-devel-linux-x86_64-fedora-gcc | 2.6 | 72.09 | NOTE | |||
r-devel-windows-x86_64 | 2.6 | 19.00 | 66.00 | 85.00 | OK | |
r-patched-linux-x86_64 | 2.6 | 18.89 | 33.84 | 52.73 | OK | |
r-release-linux-x86_64 | 2.6 | 17.15 | 34.59 | 51.74 | OK | |
r-release-macos-arm64 | 2.6 | 26.00 | OK | |||
r-release-macos-x86_64 | 2.6 | 39.00 | OK | |||
r-release-windows-x86_64 | 2.6 | 30.00 | 74.00 | 104.00 | OK | |
r-oldrel-macos-arm64 | 2.6 | 26.00 | OK | |||
r-oldrel-macos-x86_64 | 2.6 | 36.00 | NOTE | |||
r-oldrel-windows-x86_64 | 2.6 | 23.00 | 73.00 | 96.00 | OK |
Version: 2.6
Check: data for non-ASCII characters
Result: NOTE
Note: found 2 marked UTF-8 strings
Flavors: r-devel-linux-x86_64-fedora-clang, r-devel-linux-x86_64-fedora-gcc, r-oldrel-macos-x86_64