CRAN Package Check Results for Package word2vec

Last updated on 2021-11-28 19:49:10 CET.

Flavor Version Tinstall Tcheck Ttotal Status Flags
r-devel-linux-x86_64-debian-clang 0.3.4 OK
r-devel-linux-x86_64-debian-gcc 0.3.4 81.86 27.74 109.60 OK
r-devel-linux-x86_64-fedora-clang 0.3.4 268.80 OK
r-devel-linux-x86_64-fedora-gcc 0.3.4 207.05 OK
r-devel-windows-x86_64-new-UL 0.3.4 159.00 105.00 264.00 OK
r-devel-windows-x86_64-new-TK 0.3.4 OK
r-devel-windows-x86_64-old 0.3.4 122.00 74.00 196.00 OK
r-patched-linux-x86_64 0.3.4 97.50 32.37 129.87 OK
r-patched-solaris-x86 0.3.4 182.40 OK
r-release-linux-x86_64 0.3.4 96.96 32.24 129.20 OK
r-release-macos-arm64 0.3.4 NOTE
r-release-macos-x86_64 0.3.4 OK
r-release-windows-ix86+x86_64 0.3.4 297.00 67.00 364.00 OK
r-oldrel-macos-x86_64 0.3.4 OK
r-oldrel-windows-ix86+x86_64 0.3.4 227.00 84.00 311.00 OK

Check Details

Version: 0.3.4
Check: installed package size
Result: NOTE
     installed size is 5.9Mb
     sub-directories of 1Mb or more:
     libs 5.6Mb
Flavor: r-release-macos-arm64