CRAN Package Check Results for Package wikiTools

Last updated on 2022-12-09 22:56:07 CET.

Flavor Version Tinstall Tcheck Ttotal Status Flags
r-devel-linux-x86_64-debian-clang 0.0.6 6.63 57.34 63.97 OK
r-devel-linux-x86_64-debian-gcc 0.0.6 4.20 44.70 48.90 OK
r-devel-linux-x86_64-fedora-clang 0.0.6 90.36 OK
r-devel-linux-x86_64-fedora-gcc 0.0.6 86.19 OK
r-devel-windows-x86_64 0.0.6 25.00 95.00 120.00 OK
r-patched-linux-x86_64 0.0.6 6.06 53.31 59.37 OK
r-release-linux-x86_64 0.0.6 4.38 52.03 56.41 OK
r-release-macos-arm64 0.0.6 38.00 OK
r-release-macos-x86_64 0.0.6 53.00 OK
r-release-windows-x86_64 0.0.6 22.00 85.00 107.00 OK
r-oldrel-macos-arm64 0.0.6 29.00 OK
r-oldrel-macos-x86_64 0.0.6 42.00 OK
r-oldrel-windows-ix86+x86_64 0.0.6 17.00 76.00 93.00 ERROR

Check Details

Version: 0.0.6
Check: examples
Result: ERROR
    Running examples in 'wikiTools-Ex.R' failed
    The error most likely occurred in:
    
    > ### Name: extractWiki
    > ### Title: Extract the first paragraph of a Wikipedia article with a
    > ### maximum of characters.
    > ### Aliases: extractWiki
    >
    > ### ** Examples
    >
    > ## Obtaining information in English Wikidata
    > names <- c("William Shakespeare", "Pablo Picasso")
    > info <- getWikiInf(names)
    > info$text <- extractWiki(info$label)
    Warning in open.connection(con, "rb") :
     InternetOpenUrl failed: 'Die Serververbindung konnte nicht hergestellt werden.'
    Error in open.connection(con, "rb") : cannot open the connection
    Calls: extractWiki ... parse_and_simplify -> parseJSON -> parse_con -> open -> open.connection
    Execution halted
Flavor: r-oldrel-windows-ix86+x86_64