CRAN Package Check Results for Package wfg

Last updated on 2020-07-14 09:50:57 CEST.

Flavor Version Tinstall Tcheck Ttotal Status Flags
r-devel-linux-x86_64-debian-clang 0.1 2.40 25.71 28.11 OK
r-devel-linux-x86_64-debian-gcc 0.1 1.83 20.28 22.11 OK
r-devel-linux-x86_64-fedora-clang 0.1 42.73 OK
r-devel-linux-x86_64-fedora-gcc 0.1 35.79 OK
r-devel-windows-ix86+x86_64 0.1 10.00 37.00 47.00 OK
r-patched-linux-x86_64 0.1 2.20 25.39 27.59 OK
r-patched-solaris-x86 0.1 52.90 OK
r-release-linux-x86_64 0.1 2.44 25.17 27.61 OK
r-release-macos-x86_64 0.1 ERROR
r-release-windows-ix86+x86_64 0.1 9.00 38.00 47.00 OK
r-oldrel-macos-x86_64 0.1 OK
r-oldrel-windows-ix86+x86_64 0.1 6.00 47.00 53.00 OK

Check Details

Version: 0.1
Check: whether package can be installed
Result: ERROR
    Installation failed.
Flavor: r-release-macos-x86_64