CRAN Package Check Results for Package weibulltools

Last updated on 2019-08-21 10:47:41 CEST.

Flavor Version Tinstall Tcheck Ttotal Status Flags
r-devel-linux-x86_64-debian-clang 1.0.1 32.69 87.06 119.75 OK
r-devel-linux-x86_64-debian-gcc 1.0.1 25.45 64.35 89.80 OK
r-devel-linux-x86_64-fedora-clang 1.0.1 149.14 NOTE
r-devel-linux-x86_64-fedora-gcc 1.0.1 162.64 OK
r-devel-windows-ix86+x86_64 1.0.1 103.00 273.00 376.00 NOTE
r-patched-linux-x86_64 1.0.1 29.77 82.18 111.95 OK
r-patched-solaris-x86 1.0.1 171.70 NOTE
r-release-linux-x86_64 1.0.1 31.15 82.69 113.84 OK
r-release-windows-ix86+x86_64 1.0.1 69.00 137.00 206.00 NOTE
r-release-osx-x86_64 1.0.1 NOTE
r-oldrel-windows-ix86+x86_64 1.0.1 94.00 168.00 262.00 NOTE
r-oldrel-osx-x86_64 1.0.1 NOTE

Check Details

Version: 1.0.1
Check: installed package size
Result: NOTE
     installed size is 13.5Mb
     sub-directories of 1Mb or more:
     doc 11.9Mb
     libs 1.3Mb
Flavors: r-devel-linux-x86_64-fedora-clang, r-devel-windows-ix86+x86_64, r-patched-solaris-x86, r-release-windows-ix86+x86_64, r-release-osx-x86_64, r-oldrel-windows-ix86+x86_64, r-oldrel-osx-x86_64