CRAN Package Check Results for Package weibulltools

Last updated on 2019-12-07 08:49:49 CET.

Flavor Version Tinstall Tcheck Ttotal Status Flags
r-devel-linux-x86_64-debian-clang 1.0.1 38.18 92.79 130.97 OK
r-devel-linux-x86_64-debian-gcc 1.0.1 28.43 68.94 97.37 OK
r-devel-linux-x86_64-fedora-clang 1.0.1 165.90 NOTE
r-devel-linux-x86_64-fedora-gcc 1.0.1 153.00 OK
r-devel-windows-ix86+x86_64 1.0.1 85.00 199.00 284.00 NOTE
r-devel-windows-ix86+x86_64-gcc8 1.0.1 113.00 154.00 267.00 NOTE
r-patched-linux-x86_64 1.0.1 33.99 82.80 116.79 OK
r-patched-solaris-x86 1.0.1 167.60 NOTE
r-release-linux-x86_64 1.0.1 32.40 83.72 116.12 OK
r-release-windows-ix86+x86_64 1.0.1 74.00 140.00 214.00 NOTE
r-release-osx-x86_64 1.0.1 NOTE
r-oldrel-windows-ix86+x86_64 1.0.1 71.00 129.00 200.00 NOTE
r-oldrel-osx-x86_64 1.0.1 NOTE

Check Details

Version: 1.0.1
Check: installed package size
Result: NOTE
     installed size is 13.5Mb
     sub-directories of 1Mb or more:
     doc 11.9Mb
     libs 1.3Mb
Flavors: r-devel-linux-x86_64-fedora-clang, r-devel-windows-ix86+x86_64, r-devel-windows-ix86+x86_64-gcc8, r-patched-solaris-x86, r-release-windows-ix86+x86_64, r-release-osx-x86_64, r-oldrel-windows-ix86+x86_64, r-oldrel-osx-x86_64