CRAN Package Check Results for Package weco

Last updated on 2021-12-04 07:50:38 CET.

Flavor Version Tinstall Tcheck Ttotal Status Flags
r-devel-linux-x86_64-debian-clang 1.2 2.92 33.94 36.86 NOTE
r-devel-linux-x86_64-debian-gcc 1.2 2.04 26.30 28.34 NOTE
r-devel-linux-x86_64-fedora-clang 1.2 47.82 NOTE
r-devel-linux-x86_64-fedora-gcc 1.2 34.35 NOTE
r-devel-windows-x86_64-new-UL 1.2 10.00 66.00 76.00 NOTE
r-devel-windows-x86_64-new-TK 1.2 NOTE
r-devel-windows-x86_64-old 1.2 6.00 34.00 40.00 NOTE
r-patched-linux-x86_64 1.2 2.74 22.22 24.96 NOTE
r-release-linux-x86_64 1.2 2.53 22.09 24.62 NOTE
r-release-macos-arm64 1.2 NOTE
r-release-macos-x86_64 1.2 NOTE
r-release-windows-ix86+x86_64 1.2 10.00 48.00 58.00 NOTE
r-oldrel-macos-x86_64 1.2 OK
r-oldrel-windows-ix86+x86_64 1.2 8.00 48.00 56.00 NOTE

Check Details

Version: 1.2
Check: LazyData
Result: NOTE
     'LazyData' is specified without a 'data' directory
Flavors: r-devel-linux-x86_64-debian-clang, r-devel-linux-x86_64-debian-gcc, r-devel-linux-x86_64-fedora-clang, r-devel-linux-x86_64-fedora-gcc, r-devel-windows-x86_64-new-UL, r-devel-windows-x86_64-new-TK, r-devel-windows-x86_64-old, r-patched-linux-x86_64, r-release-linux-x86_64, r-release-macos-arm64, r-release-macos-x86_64, r-release-windows-ix86+x86_64

Version: 1.2
Check: package vignettes
Result: NOTE
    Package vignette with placeholder title 'Vignette Title':
     'weco-vignette.Rmd'
Flavors: r-devel-linux-x86_64-debian-clang, r-devel-linux-x86_64-debian-gcc, r-devel-windows-x86_64-new-UL, r-devel-windows-x86_64-old, r-patched-linux-x86_64, r-release-linux-x86_64, r-release-windows-ix86+x86_64, r-oldrel-windows-ix86+x86_64