Last updated on 2023-09-27 21:01:38 CEST.
Flavor | Version | Tinstall | Tcheck | Ttotal | Status | Flags |
---|---|---|---|---|---|---|
r-devel-linux-x86_64-debian-clang | 1.4.1 | 80.38 | 38.60 | 118.98 | NOTE | |
r-devel-linux-x86_64-debian-gcc | 1.4.1 | 64.68 | 29.45 | 94.13 | NOTE | |
r-devel-linux-x86_64-fedora-clang | 1.4.1 | 164.14 | NOTE | |||
r-devel-linux-x86_64-fedora-gcc | 1.4.1 | 193.35 | NOTE | |||
r-devel-windows-x86_64 | 1.4.1 | 136.00 | 136.00 | 272.00 | NOTE | |
r-patched-linux-x86_64 | 1.4.1 | 89.81 | 36.69 | 126.50 | NOTE | |
r-release-linux-x86_64 | 1.4.1 | 85.73 | 37.12 | 122.85 | NOTE | |
r-release-macos-arm64 | 1.4.1 | 72.00 | NOTE | |||
r-release-macos-x86_64 | 1.4.1 | 108.00 | NOTE | |||
r-release-windows-x86_64 | 1.4.1 | 170.00 | 153.00 | 323.00 | NOTE | |
r-oldrel-macos-arm64 | 1.4.1 | 67.00 | NOTE | |||
r-oldrel-macos-x86_64 | 1.4.1 | 80.00 | NOTE | |||
r-oldrel-windows-x86_64 | 1.4.1 | 167.00 | 116.00 | 283.00 | NOTE |
Version: 1.4.1
Check: C++ specification
Result: NOTE
Specified C++11: please drop specification unless essential
Flavors: r-devel-linux-x86_64-debian-clang, r-devel-linux-x86_64-debian-gcc, r-devel-linux-x86_64-fedora-clang, r-devel-linux-x86_64-fedora-gcc, r-devel-windows-x86_64, r-patched-linux-x86_64, r-release-linux-x86_64, r-release-macos-arm64, r-release-macos-x86_64, r-release-windows-x86_64
Version: 1.4.1
Check: for GNU extensions in Makefiles
Result: NOTE
GNU make is a SystemRequirements.
Flavors: r-devel-linux-x86_64-debian-clang, r-devel-linux-x86_64-debian-gcc, r-devel-linux-x86_64-fedora-clang, r-devel-linux-x86_64-fedora-gcc, r-devel-windows-x86_64, r-patched-linux-x86_64, r-release-linux-x86_64, r-release-macos-arm64, r-release-macos-x86_64, r-release-windows-x86_64, r-oldrel-macos-arm64, r-oldrel-macos-x86_64, r-oldrel-windows-x86_64
Version: 1.4.1
Check: installed package size
Result: NOTE
installed size is 6.1Mb
sub-directories of 1Mb or more:
libs 5.9Mb
Flavors: r-devel-windows-x86_64, r-release-macos-arm64, r-release-macos-x86_64, r-release-windows-x86_64, r-oldrel-macos-arm64, r-oldrel-macos-x86_64, r-oldrel-windows-x86_64