CRAN Package Check Results for Package webr

Last updated on 2023-01-31 07:54:29 CET.

Flavor Version Tinstall Tcheck Ttotal Status Flags
r-devel-linux-x86_64-debian-clang 0.1.5 14.37 146.85 161.22 NOTE
r-devel-linux-x86_64-debian-gcc 0.1.5 11.85 106.67 118.52 NOTE
r-devel-linux-x86_64-fedora-clang 0.1.5 175.04 NOTE
r-devel-linux-x86_64-fedora-gcc 0.1.5 189.36 NOTE
r-devel-windows-x86_64 0.1.5 21.00 186.00 207.00 NOTE
r-patched-linux-x86_64 0.1.5 11.44 148.41 159.85 NOTE
r-release-linux-x86_64 0.1.5 14.03 145.29 159.32 NOTE
r-release-macos-arm64 0.1.5 52.00 NOTE
r-release-macos-x86_64 0.1.5 87.00 NOTE
r-release-windows-x86_64 0.1.5 26.00 198.00 224.00 NOTE
r-oldrel-macos-arm64 0.1.5 64.00 NOTE
r-oldrel-macos-x86_64 0.1.5 102.00 NOTE
r-oldrel-windows-ix86+x86_64 0.1.5 37.00 186.00 223.00 NOTE

Check Details

Version: 0.1.5
Check: LazyData
Result: NOTE
     'LazyData' is specified without a 'data' directory
Flavors: r-devel-linux-x86_64-debian-clang, r-devel-linux-x86_64-debian-gcc, r-devel-linux-x86_64-fedora-clang, r-devel-linux-x86_64-fedora-gcc, r-devel-windows-x86_64, r-patched-linux-x86_64, r-release-linux-x86_64, r-release-macos-arm64, r-release-macos-x86_64, r-release-windows-x86_64, r-oldrel-macos-arm64, r-oldrel-macos-x86_64, r-oldrel-windows-ix86+x86_64

Version: 0.1.5
Check: dependencies in R code
Result: NOTE
    Namespaces in Imports field not imported from:
     ‘shiny’ ‘tidyselect’
     All declared Imports should be used.
Flavors: r-devel-linux-x86_64-fedora-clang, r-devel-linux-x86_64-fedora-gcc, r-release-macos-arm64, r-release-macos-x86_64, r-oldrel-macos-arm64, r-oldrel-macos-x86_64