CRAN Package Check Results for Package webmockr

Last updated on 2021-10-26 08:10:22 CEST.

Flavor Version Tinstall Tcheck Ttotal Status Flags
r-devel-linux-x86_64-debian-clang 0.8.0 13.67 47.66 61.33 NOTE
r-devel-linux-x86_64-debian-gcc 0.8.0 11.08 36.95 48.03 NOTE
r-devel-linux-x86_64-fedora-clang 0.8.0 87.63 NOTE
r-devel-linux-x86_64-fedora-gcc 0.8.0 77.78 NOTE
r-devel-windows-x86_64 0.8.0 22.00 51.00 73.00 NOTE
r-devel-windows-x86_64-gcc10-UCRT 0.8.0 NOTE
r-patched-linux-x86_64 0.8.0 14.95 46.46 61.41 NOTE
r-patched-solaris-x86 0.8.0 106.70 NOTE
r-release-linux-x86_64 0.8.0 12.65 46.44 59.09 NOTE
r-release-macos-arm64 0.8.0 NOTE
r-release-macos-x86_64 0.8.0 NOTE
r-release-windows-ix86+x86_64 0.8.0 17.00 71.00 88.00 NOTE
r-oldrel-macos-x86_64 0.8.0 OK
r-oldrel-windows-ix86+x86_64 0.8.0 27.00 68.00 95.00 OK

Check Details

Version: 0.8.0
Check: LazyData
Result: NOTE
     'LazyData' is specified without a 'data' directory
Flavors: r-devel-linux-x86_64-debian-clang, r-devel-linux-x86_64-debian-gcc, r-devel-linux-x86_64-fedora-clang, r-devel-linux-x86_64-fedora-gcc, r-devel-windows-x86_64, r-devel-windows-x86_64-gcc10-UCRT, r-patched-linux-x86_64, r-patched-solaris-x86, r-release-linux-x86_64, r-release-macos-arm64, r-release-macos-x86_64, r-release-windows-ix86+x86_64