CRAN Package Check Results for Package webglobe

Last updated on 2020-07-05 21:48:13 CEST.

Flavor Version Tinstall Tcheck Ttotal Status Flags
r-devel-linux-x86_64-debian-clang 1.0.2 10.41 85.29 95.70 OK
r-devel-linux-x86_64-debian-gcc 1.0.2 8.58 66.58 75.16 OK
r-devel-linux-x86_64-fedora-clang 1.0.2 101.97 NOTE
r-devel-linux-x86_64-fedora-gcc 1.0.2 98.65 OK
r-devel-windows-ix86+x86_64 1.0.2 51.00 109.00 160.00 NOTE
r-patched-linux-x86_64 1.0.2 9.72 84.77 94.49 OK
r-patched-solaris-x86 1.0.2 155.50 NOTE
r-release-linux-x86_64 1.0.2 9.33 83.34 92.67 OK
r-release-osx-x86_64 1.0.2 NOTE
r-release-windows-ix86+x86_64 1.0.2 34.00 111.00 145.00 NOTE
r-oldrel-osx-x86_64 1.0.2 NOTE
r-oldrel-windows-ix86+x86_64 1.0.2 50.00 169.00 219.00 NOTE

Check Details

Version: 1.0.2
Check: installed package size
Result: NOTE
     installed size is 10.8Mb
     sub-directories of 1Mb or more:
     client 9.6Mb
     doc 1.0Mb
Flavors: r-devel-linux-x86_64-fedora-clang, r-devel-windows-ix86+x86_64, r-patched-solaris-x86, r-release-osx-x86_64, r-release-windows-ix86+x86_64, r-oldrel-osx-x86_64, r-oldrel-windows-ix86+x86_64