CRAN Package Check Results for Package webglobe

Last updated on 2019-12-07 08:49:49 CET.

Flavor Version Tinstall Tcheck Ttotal Status Flags
r-devel-linux-x86_64-debian-clang 1.0.2 9.56 76.30 85.86 OK
r-devel-linux-x86_64-debian-gcc 1.0.2 8.60 61.08 69.68 OK
r-devel-linux-x86_64-fedora-clang 1.0.2 83.91 NOTE
r-devel-linux-x86_64-fedora-gcc 1.0.2 80.75 OK
r-devel-windows-ix86+x86_64 1.0.2 34.00 146.00 180.00 NOTE
r-devel-windows-ix86+x86_64-gcc8 1.0.2 36.00 108.00 144.00 NOTE
r-patched-linux-x86_64 1.0.2 9.11 72.49 81.60 OK
r-patched-solaris-x86 1.0.2 145.90 NOTE
r-release-linux-x86_64 1.0.2 8.22 72.88 81.10 OK
r-release-windows-ix86+x86_64 1.0.2 28.00 95.00 123.00 NOTE
r-release-osx-x86_64 1.0.2 NOTE
r-oldrel-windows-ix86+x86_64 1.0.2 19.00 111.00 130.00 NOTE
r-oldrel-osx-x86_64 1.0.2 NOTE

Check Details

Version: 1.0.2
Check: installed package size
Result: NOTE
     installed size is 10.8Mb
     sub-directories of 1Mb or more:
     client 9.6Mb
     doc 1.0Mb
Flavors: r-devel-linux-x86_64-fedora-clang, r-devel-windows-ix86+x86_64, r-devel-windows-ix86+x86_64-gcc8, r-patched-solaris-x86, r-release-windows-ix86+x86_64, r-release-osx-x86_64, r-oldrel-windows-ix86+x86_64, r-oldrel-osx-x86_64