CRAN Package Check Results for Package wbstats

Last updated on 2021-12-05 07:49:28 CET.

Flavor Version Tinstall Tcheck Ttotal Status Flags
r-devel-linux-x86_64-debian-clang 1.0.4 5.71 52.55 58.26 OK
r-devel-linux-x86_64-debian-gcc 1.0.4 5.02 40.24 45.26 OK
r-devel-linux-x86_64-fedora-clang 1.0.4 76.00 NOTE
r-devel-linux-x86_64-fedora-gcc 1.0.4 59.31 NOTE
r-devel-windows-x86_64-new-UL 1.0.4 14.00 87.00 101.00 OK
r-devel-windows-x86_64-new-TK 1.0.4 NOTE
r-devel-windows-x86_64-old 1.0.4 10.00 53.00 63.00 OK
r-patched-linux-x86_64 1.0.4 3.89 41.00 44.89 OK
r-release-linux-x86_64 1.0.4 6.10 48.94 55.04 OK
r-release-macos-arm64 1.0.4 NOTE
r-release-macos-x86_64 1.0.4 NOTE
r-release-windows-ix86+x86_64 1.0.4 11.00 63.00 74.00 OK
r-oldrel-macos-x86_64 1.0.4 NOTE
r-oldrel-windows-ix86+x86_64 1.0.4 12.00 64.00 76.00 OK

Check Details

Version: 1.0.4
Check: data for non-ASCII characters
Result: NOTE
     Note: found 3133 marked UTF-8 strings
Flavors: r-devel-linux-x86_64-fedora-clang, r-devel-linux-x86_64-fedora-gcc, r-devel-windows-x86_64-new-TK, r-release-macos-arm64, r-release-macos-x86_64, r-oldrel-macos-x86_64