CRAN Package Check Results for Package waydown

Last updated on 2021-09-26 20:49:26 CEST.

Flavor Version Tinstall Tcheck Ttotal Status Flags
r-devel-linux-x86_64-debian-clang 1.1.0 2.27 239.34 241.61 NOTE
r-devel-linux-x86_64-debian-gcc 1.1.0 1.63 156.74 158.37 NOTE
r-devel-linux-x86_64-fedora-clang 1.1.0 285.26 NOTE
r-devel-linux-x86_64-fedora-gcc 1.1.0 271.18 NOTE
r-devel-windows-x86_64 1.1.0 3.00 198.00 201.00 NOTE
r-devel-windows-x86_64-gcc10-UCRT 1.1.0 NOTE
r-patched-linux-x86_64 1.1.0 2.34 220.37 222.71 NOTE
r-patched-solaris-x86 1.1.0 125.20 NOTE
r-release-linux-x86_64 1.1.0 2.28 219.45 221.73 NOTE
r-release-macos-arm64 1.1.0 NOTE
r-release-macos-x86_64 1.1.0 NOTE
r-release-windows-ix86+x86_64 1.1.0 5.00 192.00 197.00 NOTE
r-oldrel-macos-x86_64 1.1.0 OK
r-oldrel-windows-ix86+x86_64 1.1.0 4.00 202.00 206.00 OK

Check Details

Version: 1.1.0
Check: LazyData
Result: NOTE
     'LazyData' is specified without a 'data' directory
Flavors: r-devel-linux-x86_64-debian-clang, r-devel-linux-x86_64-debian-gcc, r-devel-linux-x86_64-fedora-clang, r-devel-linux-x86_64-fedora-gcc, r-devel-windows-x86_64, r-devel-windows-x86_64-gcc10-UCRT, r-patched-linux-x86_64, r-patched-solaris-x86, r-release-linux-x86_64, r-release-macos-arm64, r-release-macos-x86_64, r-release-windows-ix86+x86_64