Last updated on 2022-08-14 21:53:25 CEST.
Flavor | Version | Tinstall | Tcheck | Ttotal | Status | Flags |
---|---|---|---|---|---|---|
r-devel-linux-x86_64-debian-clang | 1.8.3 | 13.79 | 74.39 | 88.18 | NOTE | |
r-devel-linux-x86_64-debian-gcc | 1.8.3 | 9.77 | 57.98 | 67.75 | NOTE | |
r-devel-linux-x86_64-fedora-clang | 1.8.3 | 115.16 | OK | |||
r-devel-linux-x86_64-fedora-gcc | 1.8.4 | 120.82 | OK | |||
r-devel-windows-x86_64 | 1.8.3 | 74.00 | 104.00 | 178.00 | OK | |
r-patched-linux-x86_64 | 1.8.3 | 12.09 | 74.39 | 86.48 | OK | |
r-release-linux-x86_64 | 1.8.3 | 10.21 | 73.60 | 83.81 | OK | |
r-release-macos-arm64 | 1.8.3 | 42.00 | OK | |||
r-release-macos-x86_64 | 1.8.3 | 51.00 | OK | |||
r-release-windows-x86_64 | 1.8.3 | 54.00 | 100.00 | 154.00 | OK | |
r-oldrel-macos-arm64 | 1.8.3 | 39.00 | OK | |||
r-oldrel-macos-x86_64 | 1.8.3 | 48.00 | OK | |||
r-oldrel-windows-ix86+x86_64 | 1.8.3 | 25.00 | 120.00 | 145.00 | OK |
Version: 1.8.3
Check: HTML version of manual
Result: NOTE
Found the following math rendering problems:
dwpt.sim.Rd:32: Can't use function '$' in math mode in $M>N$
Flavors: r-devel-linux-x86_64-debian-clang, r-devel-linux-x86_64-debian-gcc