CRAN Package Check Results for Package waver

Last updated on 2022-07-04 21:49:57 CEST.

Flavor Version Tinstall Tcheck Ttotal Status Flags
r-devel-linux-x86_64-debian-clang 0.2.1 3.95 45.56 49.51 NOTE
r-devel-linux-x86_64-debian-gcc 0.2.1 3.13 35.57 38.70 NOTE
r-devel-linux-x86_64-fedora-clang 0.2.1 67.61 NOTE
r-devel-linux-x86_64-fedora-gcc 0.2.1 67.05 NOTE
r-devel-windows-x86_64 0.2.1 6.00 67.00 73.00 NOTE
r-patched-linux-x86_64 0.2.1 4.42 43.72 48.14 NOTE
r-release-linux-x86_64 0.2.1 3.56 43.84 47.40 NOTE
r-release-macos-arm64 0.2.1 22.00 NOTE
r-release-macos-x86_64 0.2.1 29.00 NOTE
r-release-windows-x86_64 0.2.1 9.00 70.00 79.00 NOTE
r-oldrel-macos-arm64 0.2.1 25.00 NOTE
r-oldrel-macos-x86_64 0.2.1 47.00 NOTE
r-oldrel-windows-ix86+x86_64 0.2.1 10.00 64.00 74.00 NOTE

Check Details

Version: 0.2.1
Check: LazyData
Result: NOTE
     'LazyData' is specified without a 'data' directory
Flavors: r-devel-linux-x86_64-debian-clang, r-devel-linux-x86_64-debian-gcc, r-devel-linux-x86_64-fedora-clang, r-devel-linux-x86_64-fedora-gcc, r-devel-windows-x86_64, r-patched-linux-x86_64, r-release-linux-x86_64, r-release-macos-arm64, r-release-macos-x86_64, r-release-windows-x86_64, r-oldrel-macos-arm64, r-oldrel-macos-x86_64, r-oldrel-windows-ix86+x86_64