CRAN Package Check Results for Package wISAM

Last updated on 2022-01-24 07:50:07 CET.

Flavor Version Tinstall Tcheck Ttotal Status Flags
r-devel-linux-x86_64-debian-clang 0.2.8 2.48 48.71 51.19 OK
r-devel-linux-x86_64-debian-gcc 0.2.8 2.59 38.12 40.71 OK
r-devel-linux-x86_64-fedora-clang 0.2.8 63.72 NOTE
r-devel-linux-x86_64-fedora-gcc 0.2.8 53.59 NOTE
r-devel-windows-x86_64-new-UL 0.2.8 29.00 72.00 101.00 OK
r-devel-windows-x86_64-new-TK 0.2.8 NOTE
r-patched-linux-x86_64 0.2.8 2.32 47.66 49.98 OK
r-release-linux-x86_64 0.2.8 3.18 47.56 50.74 OK
r-release-macos-arm64 0.2.8 NOTE
r-release-macos-x86_64 0.2.8 NOTE
r-release-windows-ix86+x86_64 0.2.8 11.00 66.00 77.00 OK
r-oldrel-macos-x86_64 0.2.8 NOTE
r-oldrel-windows-ix86+x86_64 0.2.8 7.00 64.00 71.00 OK

Check Details

Version: 0.2.8
Check: dependencies in R code
Result: NOTE
    Namespace in Imports field not imported from: ‘MASS’
     All declared Imports should be used.
Flavors: r-devel-linux-x86_64-fedora-clang, r-devel-linux-x86_64-fedora-gcc, r-devel-windows-x86_64-new-TK, r-release-macos-arm64, r-release-macos-x86_64, r-oldrel-macos-x86_64