CRAN Package Check Results for Package vstsr

Last updated on 2024-02-26 07:50:17 CET.

Flavor Version Tinstall Tcheck Ttotal Status Flags
r-devel-linux-x86_64-debian-clang 1.1.0 2.73 25.90 28.63 NOTE
r-devel-linux-x86_64-debian-gcc 1.1.0 2.72 20.07 22.79 NOTE
r-devel-linux-x86_64-fedora-clang 1.1.0 36.58 NOTE
r-devel-linux-x86_64-fedora-gcc 1.1.0 35.08 NOTE
r-devel-windows-x86_64 1.1.0 4.00 43.00 47.00 OK
r-patched-linux-x86_64 1.1.0 3.44 25.95 29.39 OK
r-release-linux-x86_64 1.1.0 3.43 25.48 28.91 OK
r-release-macos-arm64 1.1.0 18.00 OK
r-release-macos-x86_64 1.1.0 22.00 OK
r-release-windows-x86_64 1.1.0 5.00 44.00 49.00 OK
r-oldrel-macos-arm64 1.1.0 15.00 NOTE
r-oldrel-windows-x86_64 1.1.0 5.00 48.00 53.00 OK

Check Details

Version: 1.1.0
Check: Rd files
Result: NOTE checkRd: (-1) vsts_create_release.Rd:33: Lost braces in \itemize; meant \describe ? checkRd: (-1) vsts_create_release.Rd:34: Lost braces in \itemize; meant \describe ? Flavors: r-devel-linux-x86_64-debian-clang, r-devel-linux-x86_64-debian-gcc

Version: 1.1.0
Check: dependencies in R code
Result: NOTE Namespace in Imports field not imported from: ‘R6’ All declared Imports should be used. Flavors: r-devel-linux-x86_64-fedora-clang, r-devel-linux-x86_64-fedora-gcc, r-oldrel-macos-arm64