Last updated on 2023-03-29 08:54:06 CEST.
Flavor | Version | Tinstall | Tcheck | Ttotal | Status | Flags |
---|---|---|---|---|---|---|
r-devel-linux-x86_64-debian-clang | 0.1.1 | 10.43 | 83.66 | 94.09 | NOTE | |
r-devel-linux-x86_64-debian-gcc | 0.1.1 | 6.91 | 62.52 | 69.43 | NOTE | |
r-devel-linux-x86_64-fedora-clang | 0.1.1 | 116.76 | NOTE | |||
r-devel-linux-x86_64-fedora-gcc | 0.1.1 | 110.16 | NOTE | |||
r-patched-linux-x86_64 | 0.1.1 | 9.45 | 78.83 | 88.28 | NOTE | |
r-release-linux-x86_64 | 0.1.1 | 7.63 | 77.01 | 84.64 | NOTE | |
r-release-macos-arm64 | 0.1.1 | 32.00 | NOTE | |||
r-release-macos-x86_64 | 0.1.1 | 44.00 | NOTE | |||
r-release-windows-x86_64 | 0.1.1 | 26.00 | 105.00 | 131.00 | NOTE | |
r-oldrel-macos-arm64 | 0.1.1 | 36.00 | NOTE | |||
r-oldrel-macos-x86_64 | 0.1.1 | 61.00 | NOTE | |||
r-oldrel-windows-ix86+x86_64 | 0.1.1 | 21.00 | 103.00 | 124.00 | NOTE |
Version: 0.1.1
Check: LazyData
Result: NOTE
'LazyData' is specified without a 'data' directory
Flavors: r-devel-linux-x86_64-debian-clang, r-devel-linux-x86_64-debian-gcc, r-devel-linux-x86_64-fedora-clang, r-devel-linux-x86_64-fedora-gcc, r-patched-linux-x86_64, r-release-linux-x86_64, r-release-macos-arm64, r-release-macos-x86_64, r-release-windows-x86_64, r-oldrel-macos-arm64, r-oldrel-macos-x86_64, r-oldrel-windows-ix86+x86_64