CRAN Package Check Results for Package vmr

Last updated on 2021-09-24 20:49:04 CEST.

Flavor Version Tinstall Tcheck Ttotal Status Flags
r-devel-linux-x86_64-debian-clang 0.0.3 3.15 38.65 41.80 NOTE
r-devel-linux-x86_64-debian-gcc 0.0.3 2.60 31.60 34.20 NOTE
r-devel-linux-x86_64-fedora-clang 0.0.3 60.07 NOTE
r-devel-linux-x86_64-fedora-gcc 0.0.3 49.73 NOTE
r-devel-windows-x86_64 0.0.3 7.00 58.00 65.00 NOTE
r-devel-windows-x86_64-gcc10-UCRT 0.0.3 NOTE
r-patched-linux-x86_64 0.0.3 3.18 41.17 44.35 NOTE
r-patched-solaris-x86 0.0.3 81.00 NOTE
r-release-linux-x86_64 0.0.3 3.37 40.66 44.03 NOTE
r-release-macos-arm64 0.0.3 NOTE
r-release-macos-x86_64 0.0.3 NOTE
r-release-windows-ix86+x86_64 0.0.3 9.00 46.00 55.00 NOTE
r-oldrel-macos-x86_64 0.0.3 OK
r-oldrel-windows-ix86+x86_64 0.0.3 8.00 45.00 53.00 OK

Check Details

Version: 0.0.3
Check: LazyData
Result: NOTE
     'LazyData' is specified without a 'data' directory
Flavors: r-devel-linux-x86_64-debian-clang, r-devel-linux-x86_64-debian-gcc, r-devel-linux-x86_64-fedora-clang, r-devel-linux-x86_64-fedora-gcc, r-devel-windows-x86_64, r-devel-windows-x86_64-gcc10-UCRT, r-patched-linux-x86_64, r-patched-solaris-x86, r-release-linux-x86_64, r-release-macos-arm64, r-release-macos-x86_64, r-release-windows-ix86+x86_64

Version: 0.0.3
Check: Rd cross-references
Result: NOTE
    Undeclared package ‘devtools’ in Rd xrefs
Flavor: r-devel-linux-x86_64-fedora-clang

Version: 0.0.3
Check: package dependencies
Result: NOTE
    Package suggested but not available for checking: ‘ssh’
Flavor: r-patched-solaris-x86