Last updated on 2023-01-27 08:52:52 CET.
Flavor | Version | Tinstall | Tcheck | Ttotal | Status | Flags |
---|---|---|---|---|---|---|
r-devel-linux-x86_64-debian-clang | 0.2.2 | 147.83 | 65.96 | 213.79 | OK | |
r-devel-linux-x86_64-debian-gcc | 0.2.2 | 114.44 | 49.95 | 164.39 | NOTE | |
r-devel-linux-x86_64-fedora-clang | 0.2.2 | 311.62 | NOTE | |||
r-devel-linux-x86_64-fedora-gcc | 0.2.2 | 271.25 | NOTE | |||
r-patched-linux-x86_64 | 0.2.2 | 118.82 | 63.13 | 181.95 | OK | |
r-release-linux-x86_64 | 0.2.2 | 96.94 | 64.99 | 161.93 | OK | |
r-release-macos-arm64 | 0.2.2 | 67.00 | NOTE | |||
r-release-macos-x86_64 | 0.2.2 | 111.00 | NOTE | |||
r-release-windows-x86_64 | 0.2.2 | 136.00 | 130.00 | 266.00 | OK | |
r-oldrel-macos-arm64 | 0.2.2 | 70.00 | NOTE | |||
r-oldrel-macos-x86_64 | 0.2.2 | 115.00 | OK | |||
r-oldrel-windows-ix86+x86_64 | 0.2.2 | 358.00 | 133.00 | 491.00 | OK |
Version: 0.2.2
Check: C++ specification
Result: NOTE
Specified C++11: please update to current default of C++17
Flavors: r-devel-linux-x86_64-debian-gcc, r-devel-linux-x86_64-fedora-clang, r-devel-linux-x86_64-fedora-gcc
Version: 0.2.2
Check: installed package size
Result: NOTE
installed size is 5.0Mb
sub-directories of 1Mb or more:
libs 4.5Mb
Flavors: r-release-macos-arm64, r-release-macos-x86_64, r-oldrel-macos-arm64