Last updated on 2023-12-10 19:49:29 CET.
Flavor | Version | Tinstall | Tcheck | Ttotal | Status | Flags |
---|---|---|---|---|---|---|
r-devel-linux-x86_64-debian-clang | 0.2.2 | 127.77 | 66.70 | 194.47 | NOTE | |
r-devel-linux-x86_64-debian-gcc | 0.2.2 | 101.55 | 49.84 | 151.39 | NOTE | |
r-devel-linux-x86_64-fedora-clang | 0.2.2 | 322.07 | NOTE | |||
r-devel-linux-x86_64-fedora-gcc | 0.2.2 | 314.13 | NOTE | |||
r-devel-windows-x86_64 | 0.2.2 | 114.00 | 93.00 | 207.00 | NOTE | |
r-patched-linux-x86_64 | 0.2.2 | 94.67 | 64.15 | 158.82 | NOTE | |
r-release-linux-x86_64 | 0.2.2 | 94.07 | 64.97 | 159.04 | NOTE | |
r-release-macos-arm64 | 0.2.2 | 75.00 | NOTE | |||
r-release-macos-x86_64 | 0.2.2 | 124.00 | NOTE | |||
r-release-windows-x86_64 | 0.2.2 | 146.00 | 107.00 | 253.00 | NOTE | |
r-oldrel-macos-arm64 | 0.2.2 | 67.00 | NOTE | |||
r-oldrel-macos-x86_64 | 0.2.2 | 111.00 | NOTE | |||
r-oldrel-windows-x86_64 | 0.2.2 | 143.00 | 100.00 | 243.00 | OK |
Version: 0.2.2
Check: C++ specification
Result: NOTE
Specified C++11: please drop specification unless essential
Flavors: r-devel-linux-x86_64-debian-clang, r-devel-linux-x86_64-debian-gcc, r-devel-linux-x86_64-fedora-clang, r-devel-linux-x86_64-fedora-gcc, r-devel-windows-x86_64, r-patched-linux-x86_64, r-release-linux-x86_64, r-release-macos-arm64, r-release-macos-x86_64, r-release-windows-x86_64
Version: 0.2.2
Check: installed package size
Result: NOTE
installed size is 5.0Mb
sub-directories of 1Mb or more:
libs 4.5Mb
Flavors: r-oldrel-macos-arm64, r-oldrel-macos-x86_64