Last updated on 2023-01-27 19:49:47 CET.
Flavor | Version | Tinstall | Tcheck | Ttotal | Status | Flags |
---|---|---|---|---|---|---|
r-devel-linux-x86_64-debian-clang | 1.3.5 | 21.18 | 168.62 | 189.80 | OK | |
r-devel-linux-x86_64-debian-gcc | 1.3.5 | 17.64 | 121.61 | 139.25 | OK | |
r-devel-linux-x86_64-fedora-clang | 1.3.5 | 228.97 | NOTE | |||
r-devel-linux-x86_64-fedora-gcc | 1.3.5 | 235.68 | OK | |||
r-patched-linux-x86_64 | 1.3.5 | 25.07 | 178.09 | 203.16 | OK | |
r-release-linux-x86_64 | 1.3.5 | 21.85 | 176.46 | 198.31 | OK | |
r-release-macos-arm64 | 1.3.5 | 88.00 | OK | |||
r-release-macos-x86_64 | 1.3.5 | 152.00 | OK | |||
r-release-windows-x86_64 | 1.3.5 | 46.00 | 181.00 | 227.00 | OK | |
r-oldrel-macos-arm64 | 1.3.5 | 94.00 | OK | |||
r-oldrel-macos-x86_64 | 1.3.5 | 157.00 | OK | |||
r-oldrel-windows-ix86+x86_64 | 1.3.5 | 42.00 | 183.00 | 225.00 | OK |
Version: 1.3.5
Check: package dependencies
Result: NOTE
Imports includes 23 non-default packages.
Importing from so many packages makes the package vulnerable to any of
them becoming unavailable. Move as many as possible to Suggests and
use conditionally.
Flavor: r-devel-linux-x86_64-fedora-clang