CRAN Package Check Results for Package visualFields

Last updated on 2020-07-14 09:50:56 CEST.

Flavor Version Tinstall Tcheck Ttotal Status Flags
r-devel-linux-x86_64-debian-clang 0.6 18.77 147.20 165.97 OK
r-devel-linux-x86_64-debian-gcc 0.6 16.38 109.17 125.55 OK
r-devel-linux-x86_64-fedora-clang 0.6 204.11 OK
r-devel-linux-x86_64-fedora-gcc 0.6 204.25 OK
r-devel-windows-ix86+x86_64 0.6 56.00 149.00 205.00 OK
r-patched-linux-x86_64 0.6 12.70 141.02 153.72 OK
r-patched-solaris-x86 0.6 267.50 OK
r-release-linux-x86_64 0.6 14.00 143.23 157.23 OK
r-release-macos-x86_64 0.6 ERROR
r-release-windows-ix86+x86_64 0.6 65.00 161.00 226.00 OK
r-oldrel-macos-x86_64 0.6 OK
r-oldrel-windows-ix86+x86_64 0.6 54.00 202.00 256.00 OK

Check Details

Version: 0.6
Check: whether package can be installed
Result: ERROR
    Installation failed.
Flavor: r-release-macos-x86_64