CRAN Package Check Results for Package visualFields

Last updated on 2024-02-26 19:50:25 CET.

Flavor Version Tinstall Tcheck Ttotal Status Flags
r-devel-linux-x86_64-debian-clang 1.0.1 24.83 126.48 151.31 OK
r-devel-linux-x86_64-debian-gcc 1.0.1 19.37 89.97 109.34 OK
r-devel-linux-x86_64-fedora-clang 1.0.1 179.99 NOTE
r-devel-linux-x86_64-fedora-gcc 1.0.1 180.74 OK
r-devel-windows-x86_64 1.0.1 25.00 103.00 128.00 NOTE
r-patched-linux-x86_64 1.0.1 25.84 117.25 143.09 OK
r-release-linux-x86_64 1.0.1 16.91 117.09 134.00 OK
r-release-macos-arm64 1.0.1 59.00 NOTE
r-release-macos-x86_64 1.0.1 86.00 NOTE
r-release-windows-x86_64 1.0.1 32.00 129.00 161.00 NOTE
r-oldrel-macos-arm64 1.0.1 68.00 NOTE
r-oldrel-windows-x86_64 1.0.1 31.00 130.00 161.00 NOTE

Check Details

Version: 1.0.1
Check: installed package size
Result: NOTE installed size is 6.0Mb sub-directories of 1Mb or more: data 5.7Mb Flavors: r-devel-linux-x86_64-fedora-clang, r-devel-windows-x86_64, r-release-macos-arm64, r-release-macos-x86_64, r-release-windows-x86_64, r-oldrel-macos-arm64, r-oldrel-windows-x86_64