CRAN Package Check Results for Package viscomplexr

Last updated on 2021-09-24 20:49:04 CEST.

Flavor Version Tinstall Tcheck Ttotal Status Flags
r-devel-linux-x86_64-debian-clang 1.1.1 22.87 81.68 104.55 OK
r-devel-linux-x86_64-debian-gcc 1.1.1 14.37 64.42 78.79 OK
r-devel-linux-x86_64-fedora-clang 1.1.1 140.39 OK
r-devel-linux-x86_64-fedora-gcc 1.1.1 118.63 OK
r-devel-windows-x86_64 1.1.1 26.00 121.00 147.00 OK
r-devel-windows-x86_64-gcc10-UCRT 1.1.1 OK
r-patched-linux-x86_64 1.1.1 16.57 78.08 94.65 OK
r-patched-solaris-x86 1.1.1 111.10 OK
r-release-linux-x86_64 1.1.1 14.24 78.94 93.18 OK
r-release-macos-arm64 1.1.0 NOTE
r-release-macos-x86_64 1.1.1 OK
r-release-windows-ix86+x86_64 1.1.1 52.00 131.00 183.00 OK
r-oldrel-macos-x86_64 1.1.1 OK
r-oldrel-windows-ix86+x86_64 1.1.1 40.00 116.00 156.00 OK

Check Details

Version: 1.1.0
Check: LazyData
Result: NOTE
     'LazyData' is specified without a 'data' directory
Flavor: r-release-macos-arm64