CRAN Package Check Results for Package visae

Last updated on 2021-09-24 20:49:04 CEST.

Flavor Version Tinstall Tcheck Ttotal Status Flags
r-devel-linux-x86_64-debian-clang 0.1.0 6.19 61.55 67.74 NOTE
r-devel-linux-x86_64-debian-gcc 0.1.0 5.19 45.90 51.09 NOTE
r-devel-linux-x86_64-fedora-clang 0.1.0 91.28 NOTE
r-devel-linux-x86_64-fedora-gcc 0.1.0 75.22 NOTE
r-devel-windows-x86_64 0.1.0 10.00 58.00 68.00 NOTE
r-devel-windows-x86_64-gcc10-UCRT 0.1.0 NOTE
r-patched-linux-x86_64 0.1.0 5.27 56.60 61.87 NOTE
r-patched-solaris-x86 0.1.0 114.30 NOTE
r-release-linux-x86_64 0.1.0 5.06 56.20 61.26 NOTE
r-release-macos-arm64 0.1.0 NOTE
r-release-macos-x86_64 0.1.0 NOTE
r-release-windows-ix86+x86_64 0.1.0 16.00 57.00 73.00 NOTE
r-oldrel-macos-x86_64 0.1.0 OK
r-oldrel-windows-ix86+x86_64 0.1.0 14.00 58.00 72.00 OK

Check Details

Version: 0.1.0
Check: LazyData
Result: NOTE
     'LazyData' is specified without a 'data' directory
Flavors: r-devel-linux-x86_64-debian-clang, r-devel-linux-x86_64-debian-gcc, r-devel-linux-x86_64-fedora-clang, r-devel-linux-x86_64-fedora-gcc, r-devel-windows-x86_64, r-devel-windows-x86_64-gcc10-UCRT, r-patched-linux-x86_64, r-patched-solaris-x86, r-release-linux-x86_64, r-release-macos-arm64, r-release-macos-x86_64, r-release-windows-ix86+x86_64