CRAN Package Check Results for Package visachartR

Last updated on 2021-09-27 21:49:25 CEST.

Flavor Version Tinstall Tcheck Ttotal Status Flags
r-devel-linux-x86_64-debian-clang 1.1.0 3.12 31.90 35.02 OK
r-devel-linux-x86_64-debian-gcc 1.1.0 2.34 24.88 27.22 OK
r-devel-linux-x86_64-fedora-clang 1.1.0 53.67 NOTE
r-devel-linux-x86_64-fedora-gcc 1.1.0 38.76 OK
r-devel-windows-x86_64 1.1.0 4.00 38.00 42.00 NOTE
r-devel-windows-x86_64-gcc10-UCRT 1.1.0 OK
r-patched-linux-x86_64 1.1.0 3.81 30.90 34.71 OK
r-patched-solaris-x86 1.1.0 68.10 NOTE
r-release-linux-x86_64 1.1.0 3.25 31.08 34.33 OK
r-release-macos-arm64 1.1.0 NOTE
r-release-macos-x86_64 1.1.0 NOTE
r-release-windows-ix86+x86_64 1.1.0 7.00 36.00 43.00 NOTE
r-oldrel-macos-x86_64 1.1.0 NOTE
r-oldrel-windows-ix86+x86_64 1.1.0 5.00 35.00 40.00 NOTE

Check Details

Version: 1.1.0
Check: installed package size
Result: NOTE
     installed size is 7.7Mb
     sub-directories of 1Mb or more:
     help 1.3Mb
     htmlwidgets 6.4Mb
Flavors: r-devel-linux-x86_64-fedora-clang, r-devel-windows-x86_64, r-patched-solaris-x86, r-release-macos-arm64, r-release-macos-x86_64, r-release-windows-ix86+x86_64, r-oldrel-macos-x86_64, r-oldrel-windows-ix86+x86_64