CRAN Package Check Results for Package vines

Last updated on 2020-10-27 19:50:41 CET.

Flavor Version Tinstall Tcheck Ttotal Status Flags
r-devel-linux-x86_64-debian-clang 1.1.5 14.74 101.89 116.63 OK
r-devel-linux-x86_64-debian-gcc 1.1.5 11.04 76.72 87.76 OK
r-devel-linux-x86_64-fedora-clang 1.1.5 157.35 NOTE
r-devel-linux-x86_64-fedora-gcc 1.1.5 138.40 NOTE
r-devel-windows-ix86+x86_64 1.1.5 34.00 141.00 175.00 OK
r-patched-linux-x86_64 1.1.5 OK
r-patched-solaris-x86 1.1.5 200.30 OK
r-release-linux-x86_64 1.1.5 13.12 94.95 108.07 OK
r-release-macos-x86_64 1.1.5 OK
r-release-windows-ix86+x86_64 1.1.5 25.00 128.00 153.00 OK
r-oldrel-macos-x86_64 1.1.5 OK
r-oldrel-windows-ix86+x86_64 1.1.5 27.00 161.00 188.00 OK

Check Details

Version: 1.1.5
Check: compiled code
Result: NOTE
    File ‘vines/libs/vines.so’:
     Found no call to: ‘R_useDynamicSymbols’
    
    It is good practice to register native routines and to disable symbol
    search.
    
    See ‘Writing portable packages’ in the ‘Writing R Extensions’ manual.
Flavors: r-devel-linux-x86_64-fedora-clang, r-devel-linux-x86_64-fedora-gcc