Last updated on 2023-01-30 19:55:04 CET.
Flavor | Version | Tinstall | Tcheck | Ttotal | Status | Flags |
---|---|---|---|---|---|---|
r-devel-linux-x86_64-debian-clang | 0.8.3 | 135.74 | 226.13 | 361.87 | NOTE | |
r-devel-linux-x86_64-debian-gcc | 0.8.3 | 124.50 | 155.04 | 279.54 | NOTE | |
r-devel-linux-x86_64-fedora-clang | 0.8.3 | 454.84 | NOTE | |||
r-devel-linux-x86_64-fedora-gcc | 0.8.3 | 508.26 | NOTE | |||
r-devel-windows-x86_64 | 0.8.3 | 106.00 | 429.00 | 535.00 | NOTE | |
r-patched-linux-x86_64 | 0.8.3 | 129.31 | 223.69 | 353.00 | OK | |
r-release-linux-x86_64 | 0.8.3 | 131.28 | 218.66 | 349.94 | OK | |
r-release-macos-arm64 | 0.8.3 | 149.00 | NOTE | |||
r-release-macos-x86_64 | 0.8.3 | 191.00 | NOTE | |||
r-release-windows-x86_64 | 0.8.3 | 103.00 | 393.00 | 496.00 | NOTE | |
r-oldrel-macos-arm64 | 0.8.3 | 120.00 | NOTE | |||
r-oldrel-macos-x86_64 | 0.8.3 | 182.00 | NOTE | |||
r-oldrel-windows-ix86+x86_64 | 0.8.3 | 309.00 | 462.00 | 771.00 | NOTE |
Version: 0.8.3
Check: package subdirectories
Result: NOTE
Problems with news in ‘NEWS.md’:
Cannot extract version info from the following section titles:
NEW FEATURES
Flavors: r-devel-linux-x86_64-debian-clang, r-devel-linux-x86_64-debian-gcc, r-devel-linux-x86_64-fedora-clang, r-devel-linux-x86_64-fedora-gcc, r-devel-windows-x86_64
Version: 0.8.3
Check: C++ specification
Result: NOTE
Specified C++11: please update to current default of C++17
Flavors: r-devel-linux-x86_64-debian-gcc, r-devel-linux-x86_64-fedora-clang, r-devel-linux-x86_64-fedora-gcc, r-devel-windows-x86_64
Version: 0.8.3
Check: installed package size
Result: NOTE
installed size is 6.5Mb
sub-directories of 1Mb or more:
doc 1.4Mb
libs 4.8Mb
Flavors: r-devel-linux-x86_64-fedora-clang, r-devel-windows-x86_64, r-release-macos-arm64, r-release-macos-x86_64, r-release-windows-x86_64, r-oldrel-macos-arm64, r-oldrel-macos-x86_64, r-oldrel-windows-ix86+x86_64