Last updated on 2023-09-21 20:55:00 CEST.
Flavor | Version | Tinstall | Tcheck | Ttotal | Status | Flags |
---|---|---|---|---|---|---|
r-devel-linux-x86_64-debian-clang | 0.8.3 | 145.47 | 222.86 | 368.33 | NOTE | |
r-devel-linux-x86_64-debian-gcc | 0.8.3 | 113.39 | 151.11 | 264.50 | NOTE | |
r-devel-linux-x86_64-fedora-clang | 0.8.3 | 452.58 | NOTE | |||
r-devel-linux-x86_64-fedora-gcc | 0.8.3 | 512.42 | NOTE | |||
r-devel-windows-x86_64 | 0.8.3 | 108.00 | 337.00 | 445.00 | NOTE | |
r-patched-linux-x86_64 | 0.8.3 | 149.89 | 224.26 | 374.15 | NOTE | |
r-release-linux-x86_64 | 0.8.3 | 155.44 | 225.21 | 380.65 | NOTE | |
r-release-macos-arm64 | 0.8.3 | 155.00 | NOTE | |||
r-release-macos-x86_64 | 0.8.3 | 248.00 | NOTE | |||
r-release-windows-x86_64 | 0.8.3 | 129.00 | 366.00 | 495.00 | NOTE | |
r-oldrel-macos-arm64 | 0.8.3 | 149.00 | NOTE | |||
r-oldrel-macos-x86_64 | 0.8.3 | 191.00 | NOTE | |||
r-oldrel-windows-x86_64 | 0.8.3 | 125.00 | 353.00 | 478.00 | NOTE |
Version: 0.8.3
Check: C++ specification
Result: NOTE
Specified C++11: please drop specification unless essential
Flavors: r-devel-linux-x86_64-debian-clang, r-devel-linux-x86_64-debian-gcc, r-devel-linux-x86_64-fedora-clang, r-devel-linux-x86_64-fedora-gcc, r-devel-windows-x86_64, r-patched-linux-x86_64, r-release-linux-x86_64, r-release-macos-arm64, r-release-macos-x86_64, r-release-windows-x86_64
Version: 0.8.3
Check: package subdirectories
Result: NOTE
Problems with news in ‘NEWS.md’:
Cannot extract version info from the following section titles:
NEW FEATURES
Flavors: r-devel-linux-x86_64-debian-clang, r-devel-linux-x86_64-debian-gcc, r-devel-linux-x86_64-fedora-clang, r-devel-linux-x86_64-fedora-gcc, r-devel-windows-x86_64, r-patched-linux-x86_64, r-release-linux-x86_64, r-release-macos-arm64, r-release-macos-x86_64, r-release-windows-x86_64
Version: 0.8.3
Check: installed package size
Result: NOTE
installed size is 6.4Mb
sub-directories of 1Mb or more:
doc 1.4Mb
libs 4.8Mb
Flavors: r-devel-linux-x86_64-fedora-clang, r-devel-windows-x86_64, r-release-macos-arm64, r-release-macos-x86_64, r-release-windows-x86_64, r-oldrel-macos-arm64, r-oldrel-macos-x86_64, r-oldrel-windows-x86_64