CRAN Package Check Results for Package vfcp

Last updated on 2021-12-04 07:50:38 CET.

Flavor Version Tinstall Tcheck Ttotal Status Flags
r-devel-linux-x86_64-debian-clang 1.4.0 9.73 91.72 101.45 NOTE
r-devel-linux-x86_64-debian-gcc 1.4.0 8.19 71.42 79.61 NOTE
r-devel-linux-x86_64-fedora-clang 1.4.0 126.10 NOTE
r-devel-linux-x86_64-fedora-gcc 1.4.0 111.95 NOTE
r-devel-windows-x86_64-new-UL 1.4.0 16.00 128.00 144.00 NOTE
r-devel-windows-x86_64-new-TK 1.4.0 NOTE
r-devel-windows-x86_64-old 1.4.0 16.00 82.00 98.00 NOTE
r-patched-linux-x86_64 1.4.0 9.80 79.67 89.47 NOTE
r-release-linux-x86_64 1.4.0 8.60 79.13 87.73 NOTE
r-release-macos-arm64 1.4.0 NOTE
r-release-macos-x86_64 1.4.0 NOTE
r-release-windows-ix86+x86_64 1.4.0 21.00 111.00 132.00 NOTE
r-oldrel-macos-x86_64 1.4.0 OK
r-oldrel-windows-ix86+x86_64 1.4.0 23.00 113.00 136.00 OK

Check Details

Version: 1.4.0
Check: LazyData
Result: NOTE
     'LazyData' is specified without a 'data' directory
Flavors: r-devel-linux-x86_64-debian-clang, r-devel-linux-x86_64-debian-gcc, r-devel-linux-x86_64-fedora-clang, r-devel-linux-x86_64-fedora-gcc, r-devel-windows-x86_64-new-UL, r-devel-windows-x86_64-new-TK, r-devel-windows-x86_64-old, r-patched-linux-x86_64, r-release-linux-x86_64, r-release-macos-arm64, r-release-macos-x86_64, r-release-windows-ix86+x86_64