CRAN Package Check Results for Package vegtable

Last updated on 2021-12-01 07:50:40 CET.

Flavor Version Tinstall Tcheck Ttotal Status Flags
r-devel-linux-x86_64-debian-clang 0.1.7 11.13 98.47 109.60 OK
r-devel-linux-x86_64-debian-gcc 0.1.7 9.95 78.11 88.06 OK
r-devel-linux-x86_64-fedora-clang 0.1.7 143.82 NOTE
r-devel-linux-x86_64-fedora-gcc 0.1.7 125.91 NOTE
r-devel-windows-x86_64-new-UL 0.1.7 30.00 148.00 178.00 OK
r-devel-windows-x86_64-new-TK 0.1.7 NOTE
r-devel-windows-x86_64-old 0.1.7 19.00 88.00 107.00 OK
r-patched-linux-x86_64 0.1.7 15.02 93.40 108.42 OK
r-patched-solaris-x86 0.1.7 184.10 NOTE
r-release-linux-x86_64 0.1.7 10.74 93.86 104.60 OK
r-release-macos-arm64 0.1.7 NOTE
r-release-macos-x86_64 0.1.7 NOTE
r-release-windows-ix86+x86_64 0.1.7 24.00 87.00 111.00 OK
r-oldrel-macos-x86_64 0.1.7 NOTE
r-oldrel-windows-ix86+x86_64 0.1.7 17.00 88.00 105.00 OK

Check Details

Version: 0.1.7
Check: dependencies in R code
Result: NOTE
    Namespace in Imports field not imported from: ‘knitr’
     All declared Imports should be used.
Flavors: r-devel-linux-x86_64-fedora-clang, r-devel-linux-x86_64-fedora-gcc, r-devel-windows-x86_64-new-TK, r-patched-solaris-x86, r-release-macos-arm64, r-release-macos-x86_64, r-oldrel-macos-x86_64

Version: 0.1.7
Check: Rd cross-references
Result: NOTE
    Undeclared package ‘stringdist’ in Rd xrefs
Flavor: r-devel-linux-x86_64-fedora-clang

Version: 0.1.7
Check: data for non-ASCII characters
Result: NOTE
     Note: found 128 marked UTF-8 strings
Flavors: r-devel-linux-x86_64-fedora-clang, r-devel-linux-x86_64-fedora-gcc, r-devel-windows-x86_64-new-TK, r-patched-solaris-x86, r-release-macos-arm64, r-release-macos-x86_64, r-oldrel-macos-x86_64