CRAN Package Check Results for Package vegtable

Last updated on 2020-07-14 09:50:56 CEST.

Flavor Version Tinstall Tcheck Ttotal Status Flags
r-devel-linux-x86_64-debian-clang 0.1.6 23.83 165.72 189.55 OK
r-devel-linux-x86_64-debian-gcc 0.1.6 21.88 124.48 146.36 OK
r-devel-linux-x86_64-fedora-clang 0.1.6 239.88 NOTE
r-devel-linux-x86_64-fedora-gcc 0.1.6 250.73 NOTE
r-devel-windows-ix86+x86_64 0.1.6 72.00 159.00 231.00 OK
r-patched-linux-x86_64 0.1.6 25.65 158.41 184.06 OK
r-patched-solaris-x86 0.1.6 313.00 NOTE
r-release-linux-x86_64 0.1.6 25.18 159.15 184.33 OK
r-release-macos-x86_64 0.1.6 ERROR
r-release-windows-ix86+x86_64 0.1.6 70.00 155.00 225.00 OK
r-oldrel-macos-x86_64 0.1.6 NOTE
r-oldrel-windows-ix86+x86_64 0.1.6 54.00 219.00 273.00 OK

Check Details

Version: 0.1.6
Check: Rd cross-references
Result: NOTE
    Undeclared package ‘stringdist’ in Rd xrefs
Flavor: r-devel-linux-x86_64-fedora-clang

Version: 0.1.6
Check: data for non-ASCII characters
Result: NOTE
     Note: found 128 marked UTF-8 strings
Flavors: r-devel-linux-x86_64-fedora-clang, r-devel-linux-x86_64-fedora-gcc, r-patched-solaris-x86, r-oldrel-macos-x86_64

Version: 0.1.6
Check: whether package can be installed
Result: ERROR
    Installation failed.
Flavor: r-release-macos-x86_64