CRAN Package Check Results for Package vctrs

Last updated on 2021-09-22 20:50:05 CEST.

Flavor Version Tinstall Tcheck Ttotal Status Flags
r-devel-linux-x86_64-debian-clang 0.3.8 32.78 136.30 169.08 OK
r-devel-linux-x86_64-debian-gcc 0.3.8 19.84 98.17 118.01 OK
r-devel-linux-x86_64-fedora-clang 0.3.8 202.60 OK
r-devel-linux-x86_64-fedora-gcc 0.3.8 191.22 OK
r-devel-windows-x86_64 0.3.8 44.00 124.00 168.00 OK
r-devel-windows-x86_64-gcc10-UCRT 0.3.8 ERROR
r-patched-linux-x86_64 0.3.8 25.04 131.92 156.96 OK
r-patched-solaris-x86 0.3.8 280.20 OK
r-release-linux-x86_64 0.3.8 23.51 131.39 154.90 OK
r-release-macos-arm64 0.3.8 OK
r-release-macos-x86_64 0.3.8 OK
r-release-windows-ix86+x86_64 0.3.8 95.00 178.00 273.00 OK
r-oldrel-macos-x86_64 0.3.8 OK
r-oldrel-windows-ix86+x86_64 0.3.8 82.00 176.00 258.00 OK

Check Details

Version: 0.3.8
Check: package dependencies
Result: NOTE
    Packages suggested but not available for checking: 'pkgdown', 'xml2'
Flavor: r-devel-windows-x86_64-gcc10-UCRT

Version: 0.3.8
Check: whether package can be installed
Result: ERROR
    Installation failed.
Flavor: r-devel-windows-x86_64-gcc10-UCRT