CRAN Package Check Results for Package varycoef

Last updated on 2021-11-30 07:50:09 CET.

Flavor Version Tinstall Tcheck Ttotal Status Flags
r-devel-linux-x86_64-debian-clang 0.3.1 19.08 177.33 196.41 OK
r-devel-linux-x86_64-debian-gcc 0.3.1 15.72 134.97 150.69 OK
r-devel-linux-x86_64-fedora-clang 0.3.1 258.49 NOTE
r-devel-linux-x86_64-fedora-gcc 0.3.1 233.05 NOTE
r-devel-windows-x86_64-new-UL 0.3.1 36.00 267.00 303.00 OK
r-devel-windows-x86_64-new-TK 0.3.1 NOTE
r-devel-windows-x86_64-old 0.3.1 28.00 152.00 180.00 OK
r-patched-linux-x86_64 0.3.1 17.62 166.29 183.91 OK
r-patched-solaris-x86 0.3.1 276.10 NOTE
r-release-linux-x86_64 0.3.1 17.49 170.29 187.78 OK
r-release-macos-arm64 0.3.1 NOTE
r-release-macos-x86_64 0.3.1 NOTE
r-release-windows-ix86+x86_64 0.3.1 40.00 152.00 192.00 OK
r-oldrel-macos-x86_64 0.3.1 NOTE
r-oldrel-windows-ix86+x86_64 0.3.1 33.00 155.00 188.00 OK

Check Details

Version: 0.3.1
Check: dependencies in R code
Result: NOTE
    Namespace in Imports field not imported from: ‘sp’
     All declared Imports should be used.
Flavors: r-devel-linux-x86_64-fedora-clang, r-devel-linux-x86_64-fedora-gcc, r-devel-windows-x86_64-new-TK, r-patched-solaris-x86, r-release-macos-arm64, r-release-macos-x86_64, r-oldrel-macos-x86_64