CRAN Package Check Results for Package varband

Last updated on 2020-07-05 21:48:12 CEST.

Flavor Version Tinstall Tcheck Ttotal Status Flags
r-devel-linux-x86_64-debian-clang 0.9.0 31.98 56.67 88.65 OK
r-devel-linux-x86_64-debian-gcc 0.9.0 25.33 43.05 68.38 OK
r-devel-linux-x86_64-fedora-clang 0.9.0 121.91 NOTE
r-devel-linux-x86_64-fedora-gcc 0.9.0 115.83 NOTE
r-devel-windows-ix86+x86_64 0.9.0 89.00 112.00 201.00 OK
r-patched-linux-x86_64 0.9.0 28.18 55.46 83.64 OK
r-patched-solaris-x86 0.9.0 132.40 OK
r-release-linux-x86_64 0.9.0 29.32 55.50 84.82 OK
r-release-osx-x86_64 0.9.0 OK
r-release-windows-ix86+x86_64 0.9.0 63.00 102.00 165.00 OK
r-oldrel-osx-x86_64 0.9.0 OK
r-oldrel-windows-ix86+x86_64 0.9.0 63.00 118.00 181.00 OK

Check Details

Version: 0.9.0
Check: compiled code
Result: NOTE
    File ‘varband/libs/varband.so’:
     Found no calls to: ‘R_registerRoutines’, ‘R_useDynamicSymbols’
    
    It is good practice to register native routines and to disable symbol
    search.
    
    See ‘Writing portable packages’ in the ‘Writing R Extensions’ manual.
Flavors: r-devel-linux-x86_64-fedora-clang, r-devel-linux-x86_64-fedora-gcc