CRAN Package Check Results for Package vampyr

Last updated on 2020-12-01 19:48:31 CET.

Flavor Version Tinstall Tcheck Ttotal Status Flags
r-devel-linux-x86_64-debian-clang 1.0.6 15.48 152.60 168.08 OK
r-devel-linux-x86_64-debian-gcc 1.0.6 15.95 114.58 130.53 OK
r-devel-linux-x86_64-fedora-clang 1.0.6 213.83 OK
r-devel-linux-x86_64-fedora-gcc 1.0.6 201.34 OK
r-devel-windows-ix86+x86_64 1.0.6 47.00 134.00 181.00 OK
r-patched-linux-x86_64 1.0.6 0.87 7.33 8.20 ERROR
r-patched-solaris-x86 1.0.6 278.70 OK
r-release-linux-x86_64 1.0.6 16.75 137.84 154.59 OK
r-release-macos-x86_64 1.0.6 OK
r-release-windows-ix86+x86_64 1.0.6 32.00 134.00 166.00 OK
r-oldrel-macos-x86_64 1.0.6 OK
r-oldrel-windows-ix86+x86_64 1.0.6 39.00 156.00 195.00 OK

Check Details

Version: 1.0.6
Check: package dependencies
Result: ERROR
    Package required but not available: ‘semPlot’
    
    See section ‘The DESCRIPTION file’ in the ‘Writing R Extensions’
    manual.
Flavor: r-patched-linux-x86_64