Last updated on 2023-03-23 07:54:44 CET.
Flavor | Version | Tinstall | Tcheck | Ttotal | Status | Flags |
---|---|---|---|---|---|---|
r-devel-linux-x86_64-debian-clang | 0.1.0 | 3.48 | 43.07 | 46.55 | OK | |
r-devel-linux-x86_64-debian-gcc | 0.1.0 | 2.80 | 33.17 | 35.97 | OK | |
r-devel-linux-x86_64-fedora-clang | 0.1.0 | 58.21 | NOTE | |||
r-devel-linux-x86_64-fedora-gcc | 0.1.0 | 67.03 | NOTE | |||
r-patched-linux-x86_64 | 0.1.0 | 3.17 | 43.70 | 46.87 | OK | |
r-release-linux-x86_64 | 0.1.0 | 2.77 | 43.66 | 46.43 | OK | |
r-release-macos-arm64 | 0.1.0 | 24.00 | NOTE | |||
r-release-macos-x86_64 | 0.1.0 | 36.00 | NOTE | |||
r-release-windows-x86_64 | 0.1.0 | 25.00 | 136.00 | 161.00 | OK | |
r-oldrel-macos-arm64 | 0.1.0 | 23.00 | NOTE | |||
r-oldrel-macos-x86_64 | 0.1.0 | 35.00 | NOTE | |||
r-oldrel-windows-ix86+x86_64 | 0.1.0 | 11.00 | 74.00 | 85.00 | OK |
Version: 0.1.0
Check: dependencies in R code
Result: NOTE
Namespaces in Imports field not imported from:
‘BBmisc’ ‘badger’
All declared Imports should be used.
Flavors: r-devel-linux-x86_64-fedora-clang, r-devel-linux-x86_64-fedora-gcc, r-release-macos-arm64, r-release-macos-x86_64, r-oldrel-macos-arm64, r-oldrel-macos-x86_64